CRAN Package Check Results for Package fCertificates

Last updated on 2021-12-07 10:50:21 CET.

Flavor Version Tinstall Tcheck Ttotal Status Flags
r-devel-linux-x86_64-debian-clang 0.5-4 7.40 62.80 70.20 NOTE
r-devel-linux-x86_64-debian-gcc 0.5-4 5.36 49.60 54.96 NOTE
r-devel-linux-x86_64-fedora-clang 0.5-4 85.45 NOTE
r-devel-linux-x86_64-fedora-gcc 0.5-4 75.08 NOTE
r-devel-windows-x86_64-new-UL 0.5-4 14.00 95.00 109.00 NOTE
r-devel-windows-x86_64-new-TK 0.5-4 NOTE
r-devel-windows-x86_64-old 0.5-4 10.00 79.00 89.00 NOTE
r-patched-linux-x86_64 0.5-4 7.41 61.63 69.04 NOTE
r-release-linux-x86_64 0.5-4 6.67 60.97 67.64 NOTE
r-release-macos-arm64 0.5-4 NOTE
r-release-macos-x86_64 0.5-4 NOTE
r-release-windows-ix86+x86_64 0.5-4 10.00 76.00 86.00 NOTE
r-oldrel-macos-x86_64 0.5-4 NOTE
r-oldrel-windows-ix86+x86_64 0.5-4 14.00 80.00 94.00 NOTE

Check Details

Version: 0.5-4
Check: R code for possible problems
Result: NOTE
    PTSingleAssetBarrierOption2: no visible global function definition for
     'new'
    newton: no visible global function definition for 'abline'
    probInRange: no visible global function definition for 'pnorm'
    shortfall_risk: no visible global function definition for 'pnorm'
    Undefined global functions or variables:
     abline new pnorm
    Consider adding
     importFrom("graphics", "abline")
     importFrom("methods", "new")
     importFrom("stats", "pnorm")
    to your NAMESPACE file (and ensure that your DESCRIPTION Imports field
    contains 'methods').
Flavors: r-devel-linux-x86_64-debian-clang, r-devel-linux-x86_64-debian-gcc, r-devel-linux-x86_64-fedora-clang, r-devel-linux-x86_64-fedora-gcc, r-devel-windows-x86_64-new-UL, r-devel-windows-x86_64-new-TK, r-devel-windows-x86_64-old, r-patched-linux-x86_64, r-release-linux-x86_64, r-release-macos-arm64, r-release-macos-x86_64, r-release-windows-ix86+x86_64, r-oldrel-macos-x86_64, r-oldrel-windows-ix86+x86_64