CRAN Package Check Results for Package ezsim

Last updated on 2021-09-19 09:50:12 CEST.

Flavor Version Tinstall Tcheck Ttotal Status Flags
r-devel-linux-x86_64-debian-clang 0.5.5 6.03 84.79 90.82 NOTE
r-devel-linux-x86_64-debian-gcc 0.5.5 4.97 63.09 68.06 NOTE
r-devel-linux-x86_64-fedora-clang 0.5.5 113.66 NOTE
r-devel-linux-x86_64-fedora-gcc 0.5.5 101.34 NOTE
r-devel-windows-x86_64 0.5.5 9.00 106.00 115.00 NOTE
r-devel-windows-x86_64-gcc10-UCRT 0.5.5 ERROR
r-patched-linux-x86_64 0.5.5 6.30 79.04 85.34 NOTE
r-patched-solaris-x86 0.5.5 136.40 NOTE
r-release-linux-x86_64 0.5.5 5.44 77.45 82.89 NOTE
r-release-macos-arm64 0.5.5 NOTE
r-release-macos-x86_64 0.5.5 NOTE
r-release-windows-ix86+x86_64 0.5.5 14.00 84.00 98.00 NOTE
r-oldrel-macos-x86_64 0.5.5 NOTE
r-oldrel-windows-ix86+x86_64 0.5.5 14.00 78.00 92.00 NOTE

Check Details

Version: 0.5.5
Check: DESCRIPTION meta-information
Result: NOTE
    Malformed Description field: should contain one or more complete sentences.
    BugReports field is not a suitable URL but contains an email address:
     use the Contact field instead
Flavors: r-devel-linux-x86_64-debian-clang, r-devel-linux-x86_64-debian-gcc, r-devel-linux-x86_64-fedora-clang, r-devel-linux-x86_64-fedora-gcc, r-devel-windows-x86_64, r-devel-windows-x86_64-gcc10-UCRT, r-patched-linux-x86_64, r-patched-solaris-x86, r-release-linux-x86_64, r-release-macos-arm64, r-release-macos-x86_64, r-release-windows-ix86+x86_64, r-oldrel-macos-x86_64, r-oldrel-windows-ix86+x86_64

Version: 0.5.5
Check: R code for possible problems
Result: NOTE
    createFormula: no visible global function definition for 'tail'
    createFormula: no visible global function definition for 'head'
    createFormula: no visible global function definition for 'as.formula'
    ezsim: no visible global function definition for 'runif'
    plot.ezsim: no visible global function definition for 'quantile'
    plot.ezsim: no visible global function definition for 'head'
    plot.ezsim: no visible global function definition for 'tail'
    plot.ezsim: no visible binding for global variable 'dnorm'
    plot.ezsim: no visible binding for global variable 'pdf'
    plot.ezsim: no visible global function definition for 'dev.off'
    plot.ezsim : <anonymous>: no visible global function definition for
     'dev.new'
    plot.summary.ezsim: no visible global function definition for 'head'
    plot.summary.ezsim: no visible global function definition for 'tail'
    plot.summary.ezsim: no visible binding for global variable 'pdf'
    plot.summary.ezsim: no visible global function definition for 'dev.off'
    plot.summary.ezsim : <anonymous>: no visible global function definition
     for 'dev.new'
    Undefined global functions or variables:
     as.formula dev.new dev.off dnorm head pdf quantile runif tail
    Consider adding
     importFrom("grDevices", "dev.new", "dev.off", "pdf")
     importFrom("stats", "as.formula", "dnorm", "quantile", "runif")
     importFrom("utils", "head", "tail")
    to your NAMESPACE file.
Flavors: r-devel-linux-x86_64-debian-clang, r-devel-linux-x86_64-debian-gcc, r-devel-linux-x86_64-fedora-clang, r-devel-linux-x86_64-fedora-gcc, r-devel-windows-x86_64, r-devel-windows-x86_64-gcc10-UCRT, r-patched-linux-x86_64, r-patched-solaris-x86, r-release-linux-x86_64, r-release-macos-arm64, r-release-macos-x86_64, r-release-windows-ix86+x86_64, r-oldrel-macos-x86_64, r-oldrel-windows-ix86+x86_64

Version: 0.5.5
Check: whether package can be installed
Result: WARN
    Found the following significant warnings:
     WARNING: installation-time patches will not be applied, could not get the patches index
Flavor: r-devel-windows-x86_64-gcc10-UCRT

Version: 0.5.5
Check: PDF version of manual
Result: WARN
    LaTeX errors when creating PDF version.
    This typically indicates Rd problems.
Flavor: r-devel-windows-x86_64-gcc10-UCRT

Version: 0.5.5
Check: PDF version of manual without hyperrefs or index
Result: ERROR
    Re-running with no redirection of stdout/stderr.
Flavor: r-devel-windows-x86_64-gcc10-UCRT