Last updated on 2024-04-23 10:54:02 CEST.
Flavor | Version | Tinstall | Tcheck | Ttotal | Status | Flags |
---|---|---|---|---|---|---|
r-devel-linux-x86_64-debian-clang | 0.2.4 | 2.75 | 50.13 | 52.88 | NOTE | |
r-devel-linux-x86_64-debian-gcc | 0.2.4 | 2.23 | 38.03 | 40.26 | NOTE | |
r-devel-linux-x86_64-fedora-clang | 0.2.4 | 69.64 | NOTE | |||
r-devel-linux-x86_64-fedora-gcc | 0.2.4 | 77.48 | NOTE | |||
r-prerel-macos-arm64 | 0.2.4 | 27.00 | NOTE | |||
r-prerel-windows-x86_64 | 0.2.4 | 5.00 | 58.00 | 63.00 | NOTE | |
r-patched-linux-x86_64 | 0.2.4 | 2.62 | 48.08 | 50.70 | NOTE | |
r-release-linux-x86_64 | 0.2.4 | 2.08 | 47.91 | 49.99 | NOTE | |
r-release-macos-arm64 | 0.2.4 | 29.00 | NOTE | |||
r-release-macos-x86_64 | 0.2.4 | 41.00 | NOTE | |||
r-release-windows-x86_64 | 0.2.4 | 5.00 | 61.00 | 66.00 | NOTE | |
r-oldrel-macos-arm64 | 0.2.4 | 24.00 | NOTE | |||
r-oldrel-windows-x86_64 | 0.2.4 | 5.00 | 64.00 | 69.00 | NOTE |
Version: 0.2.4
Check: LazyData
Result: NOTE
'LazyData' is specified without a 'data' directory
Flavors: r-devel-linux-x86_64-debian-clang, r-devel-linux-x86_64-debian-gcc, r-devel-linux-x86_64-fedora-clang, r-devel-linux-x86_64-fedora-gcc, r-prerel-macos-arm64, r-prerel-windows-x86_64, r-patched-linux-x86_64, r-release-linux-x86_64, r-release-macos-arm64, r-release-macos-x86_64, r-release-windows-x86_64, r-oldrel-macos-arm64, r-oldrel-windows-x86_64