CRAN Package Check Results for Package ezmmek

Last updated on 2021-07-24 09:53:57 CEST.

Flavor Version Tinstall Tcheck Ttotal Status Flags
r-devel-linux-x86_64-debian-clang 0.2.4 2.70 39.50 42.20 NOTE
r-devel-linux-x86_64-debian-gcc 0.2.4 2.14 29.92 32.06 NOTE
r-devel-linux-x86_64-fedora-clang 0.2.4 58.83 NOTE
r-devel-linux-x86_64-fedora-gcc 0.2.4 49.99 NOTE
r-devel-windows-x86_64 0.2.4 5.00 48.00 53.00 NOTE
r-devel-windows-x86_64-gcc10-UCRT 0.2.4 NOTE
r-patched-linux-x86_64 0.2.4 2.42 37.84 40.26 NOTE
r-patched-solaris-x86 0.2.4 69.00 NOTE
r-release-linux-x86_64 0.2.4 2.52 37.33 39.85 NOTE
r-release-macos-arm64 0.2.4 NOTE
r-release-macos-x86_64 0.2.4 NOTE
r-release-windows-ix86+x86_64 0.2.4 6.00 44.00 50.00 NOTE
r-oldrel-macos-x86_64 0.2.4 OK
r-oldrel-windows-ix86+x86_64 0.2.4 7.00 54.00 61.00 OK

Check Details

Version: 0.2.4
Check: LazyData
Result: NOTE
     'LazyData' is specified without a 'data' directory
Flavors: r-devel-linux-x86_64-debian-clang, r-devel-linux-x86_64-debian-gcc, r-devel-linux-x86_64-fedora-clang, r-devel-linux-x86_64-fedora-gcc, r-devel-windows-x86_64, r-devel-windows-x86_64-gcc10-UCRT, r-patched-linux-x86_64, r-patched-solaris-x86, r-release-linux-x86_64, r-release-macos-arm64, r-release-macos-x86_64, r-release-windows-ix86+x86_64