Last updated on 2024-04-19 10:57:24 CEST.
Flavor | Version | Tinstall | Tcheck | Ttotal | Status | Flags |
---|---|---|---|---|---|---|
r-devel-linux-x86_64-debian-clang | 1.0.1 | 6.16 | 65.22 | 71.38 | NOTE | |
r-devel-linux-x86_64-debian-gcc | 1.0.1 | NOTE | ||||
r-devel-linux-x86_64-fedora-clang | 1.0.1 | 90.58 | NOTE | |||
r-devel-linux-x86_64-fedora-gcc | 1.0.1 | 82.59 | NOTE | |||
r-prerel-macos-arm64 | 1.0.1 | 27.00 | NOTE | |||
r-prerel-windows-x86_64 | 1.0.1 | 8.00 | 64.00 | 72.00 | NOTE | |
r-patched-linux-x86_64 | 1.0.1 | 4.84 | 60.37 | 65.21 | NOTE | |
r-release-linux-x86_64 | 1.0.1 | 5.81 | 61.52 | 67.33 | NOTE | |
r-release-macos-arm64 | 1.0.1 | 28.00 | NOTE | |||
r-release-macos-x86_64 | 1.0.1 | 43.00 | NOTE | |||
r-release-windows-x86_64 | 1.0.1 | 9.00 | 75.00 | 84.00 | NOTE | |
r-oldrel-macos-arm64 | 1.0.1 | 27.00 | NOTE | |||
r-oldrel-windows-x86_64 | 1.0.1 | 9.00 | 79.00 | 88.00 | NOTE |
Version: 1.0.1
Check: LazyData
Result: NOTE
'LazyData' is specified without a 'data' directory
Flavors: r-devel-linux-x86_64-debian-clang, r-devel-linux-x86_64-debian-gcc, r-devel-linux-x86_64-fedora-clang, r-devel-linux-x86_64-fedora-gcc, r-prerel-macos-arm64, r-prerel-windows-x86_64, r-patched-linux-x86_64, r-release-linux-x86_64, r-release-macos-arm64, r-release-macos-x86_64, r-release-windows-x86_64, r-oldrel-macos-arm64, r-oldrel-windows-x86_64