CRAN Package Check Results for Package ergm

Last updated on 2021-09-22 09:52:23 CEST.

Flavor Version Tinstall Tcheck Ttotal Status Flags
r-devel-linux-x86_64-debian-clang 4.1.2 76.14 560.94 637.08 OK
r-devel-linux-x86_64-debian-gcc 4.1.2 57.79 410.82 468.61 OK
r-devel-linux-x86_64-fedora-clang 4.1.2 728.35 NOTE
r-devel-linux-x86_64-fedora-gcc 4.1.2 724.58 OK
r-devel-windows-x86_64 4.1.2 90.00 141.00 231.00 OK --no-examples --no-tests --no-vignettes
r-devel-windows-x86_64-gcc10-UCRT 4.1.2 ERROR
r-patched-linux-x86_64 4.1.2 77.98 529.73 607.71 OK
r-patched-solaris-x86 4.1.2 992.20 NOTE
r-release-linux-x86_64 4.1.2 68.41 530.71 599.12 OK
r-release-macos-arm64 4.1.2 NOTE
r-release-macos-x86_64 4.1.2 NOTE
r-release-windows-ix86+x86_64 4.1.2 200.00 155.00 355.00 NOTE --no-examples --no-tests --no-vignettes
r-oldrel-macos-x86_64 4.1.2 NOTE
r-oldrel-windows-ix86+x86_64 4.1.2 148.00 158.00 306.00 NOTE --no-examples --no-tests --no-vignettes

Check Details

Version: 4.1.2
Check: installed package size
Result: NOTE
     installed size is 6.9Mb
     sub-directories of 1Mb or more:
     R 1.1Mb
     doc 1.9Mb
     libs 2.7Mb
Flavors: r-devel-linux-x86_64-fedora-clang, r-patched-solaris-x86, r-release-macos-arm64, r-release-macos-x86_64, r-oldrel-macos-x86_64

Version: 4.1.2
Check: package dependencies
Result: NOTE
    Package suggested but not available for checking: 'latticeExtra'
Flavor: r-devel-windows-x86_64-gcc10-UCRT

Version: 4.1.2
Check: whether package can be installed
Result: ERROR
    Installation failed.
Flavor: r-devel-windows-x86_64-gcc10-UCRT

Version: 4.1.2
Check: package dependencies
Result: NOTE
    Package suggested but not available for checking: ‘Rmpi’
Flavors: r-release-macos-arm64, r-release-macos-x86_64, r-oldrel-macos-x86_64

Version: 4.1.2
Flags: --no-examples --no-tests --no-vignettes
Check: installed package size
Result: NOTE
     installed size is 5.5Mb
     sub-directories of 1Mb or more:
     R 1.0Mb
     doc 1.9Mb
     libs 1.3Mb
Flavors: r-release-windows-ix86+x86_64, r-oldrel-windows-ix86+x86_64