CRAN Package Check Results for Package ergMargins

Last updated on 2021-10-16 09:54:16 CEST.

Flavor Version Tinstall Tcheck Ttotal Status Flags
r-devel-linux-x86_64-debian-clang 0.1.3 4.45 38.62 43.07 OK
r-devel-linux-x86_64-debian-gcc 0.1.3 3.71 29.48 33.19 OK
r-devel-linux-x86_64-fedora-clang 0.1.3 61.55 NOTE
r-devel-linux-x86_64-fedora-gcc 0.1.3 50.36 NOTE
r-devel-windows-x86_64 0.1.3 8.00 40.00 48.00 OK
r-devel-windows-x86_64-gcc10-UCRT 0.1.3 NOTE
r-patched-linux-x86_64 0.1.3 4.84 37.23 42.07 OK
r-patched-solaris-x86 0.1.3 75.00 NOTE
r-release-linux-x86_64 0.1.3 4.94 36.60 41.54 OK
r-release-macos-arm64 0.1.3 NOTE
r-release-macos-x86_64 0.1.3 NOTE
r-release-windows-ix86+x86_64 0.1.3 10.00 53.00 63.00 OK
r-oldrel-macos-x86_64 0.1.3 NOTE
r-oldrel-windows-ix86+x86_64 0.1.3 10.00 56.00 66.00 OK

Check Details

Version: 0.1.3
Check: dependencies in R code
Result: NOTE
    Namespaces in Imports field not imported from:
     ‘methods’ ‘sna’ ‘statnet.common’
     All declared Imports should be used.
Flavors: r-devel-linux-x86_64-fedora-clang, r-devel-linux-x86_64-fedora-gcc, r-devel-windows-x86_64-gcc10-UCRT, r-patched-solaris-x86, r-release-macos-arm64, r-release-macos-x86_64, r-oldrel-macos-x86_64

Version: 0.1.3
Check: Rd cross-references
Result: NOTE
    Undeclared package ‘margins’ in Rd xrefs
Flavor: r-devel-linux-x86_64-fedora-clang