CRAN Package Check Results for Package erah

Last updated on 2021-10-23 10:56:51 CEST.

Flavor Version Tinstall Tcheck Ttotal Status Flags
r-devel-linux-x86_64-debian-clang 1.1.2 14.82 105.35 120.17 OK
r-devel-linux-x86_64-debian-gcc 1.1.2 13.03 80.39 93.42 OK
r-devel-linux-x86_64-fedora-clang 1.1.2 158.22 OK
r-devel-linux-x86_64-fedora-gcc 1.1.2 144.09 OK
r-devel-windows-x86_64 1.1.2 28.00 129.00 157.00 OK
r-devel-windows-x86_64-gcc10-UCRT 1.1.2 OK
r-patched-linux-x86_64 1.1.2 15.54 101.97 117.51 OK
r-patched-solaris-x86 1.1.2 206.20 NOTE
r-release-linux-x86_64 1.1.2 14.07 102.19 116.26 OK
r-release-macos-arm64 1.1.2 NOTE
r-release-macos-x86_64 1.1.2 OK
r-release-windows-ix86+x86_64 1.1.2 25.00 135.00 160.00 OK
r-oldrel-macos-x86_64 1.1.2 OK
r-oldrel-windows-ix86+x86_64 1.1.2 37.00 158.00 195.00 OK

Check Details

Version: 1.1.2
Check: package dependencies
Result: NOTE
    Package suggested but not available for checking: ‘mzR’
Flavors: r-patched-solaris-x86, r-release-macos-arm64