CRAN Package Check Results for Package equaltestMI

Last updated on 2021-10-21 09:54:49 CEST.

Flavor Version Tinstall Tcheck Ttotal Status Flags
r-devel-linux-x86_64-debian-clang 0.6.1 4.59 47.89 52.48 OK
r-devel-linux-x86_64-debian-gcc 0.6.1 3.10 36.65 39.75 OK
r-devel-linux-x86_64-fedora-clang 0.6.1 72.93 NOTE
r-devel-linux-x86_64-fedora-gcc 0.6.1 61.81 OK
r-devel-windows-x86_64 0.6.1 7.00 75.00 82.00 OK
r-devel-windows-x86_64-gcc10-UCRT 0.6.1 OK
r-patched-linux-x86_64 0.6.1 4.68 45.55 50.23 OK
r-patched-solaris-x86 0.6.1 82.00 OK
r-release-linux-x86_64 0.6.1 4.20 45.74 49.94 OK
r-release-macos-arm64 0.6.1 OK
r-release-macos-x86_64 0.6.1 OK
r-release-windows-ix86+x86_64 0.6.1 8.00 67.00 75.00 OK
r-oldrel-macos-x86_64 0.6.1 OK
r-oldrel-windows-ix86+x86_64 0.6.1 10.00 73.00 83.00 OK

Check Details

Version: 0.6.1
Check: Rd cross-references
Result: NOTE
    Undeclared package ‘OpenMx’ in Rd xrefs
Flavor: r-devel-linux-x86_64-fedora-clang