CRAN Package Check Results for Package eph

Last updated on 2021-09-22 09:52:23 CEST.

Flavor Version Tinstall Tcheck Ttotal Status Flags
r-devel-linux-x86_64-debian-clang 0.4.0 4.58 67.81 72.39 OK
r-devel-linux-x86_64-debian-gcc 0.4.0 3.76 54.74 58.50 OK
r-devel-linux-x86_64-fedora-clang 0.4.0 94.00 NOTE
r-devel-linux-x86_64-fedora-gcc 0.4.0 82.81 NOTE
r-devel-windows-x86_64 0.4.0 6.00 84.00 90.00 OK
r-devel-windows-x86_64-gcc10-UCRT 0.4.0 ERROR
r-patched-linux-x86_64 0.4.0 4.90 66.90 71.80 OK
r-patched-solaris-x86 0.4.0 133.50 NOTE
r-release-linux-x86_64 0.4.0 4.64 67.20 71.84 OK
r-release-macos-arm64 0.4.0 NOTE
r-release-macos-x86_64 0.4.0 NOTE
r-release-windows-ix86+x86_64 0.4.0 11.00 80.00 91.00 OK
r-oldrel-macos-x86_64 0.4.0 NOTE
r-oldrel-windows-ix86+x86_64 0.4.0 8.00 85.00 93.00 OK

Check Details

Version: 0.4.0
Check: package dependencies
Result: NOTE
    Imports includes 22 non-default packages.
    Importing from so many packages makes the package vulnerable to any of
    them becoming unavailable. Move as many as possible to Suggests and
    use conditionally.
Flavor: r-devel-linux-x86_64-fedora-clang

Version: 0.4.0
Check: dependencies in R code
Result: NOTE
    Namespaces in Imports field not imported from:
     ‘readr’ ‘tidyverse’
     All declared Imports should be used.
Flavors: r-devel-linux-x86_64-fedora-clang, r-devel-linux-x86_64-fedora-gcc, r-patched-solaris-x86, r-release-macos-arm64, r-release-macos-x86_64, r-oldrel-macos-x86_64

Version: 0.4.0
Check: data for non-ASCII characters
Result: NOTE
     Note: found 1 marked Latin-1 string
     Note: found 721 marked UTF-8 strings
Flavors: r-devel-linux-x86_64-fedora-clang, r-devel-linux-x86_64-fedora-gcc, r-patched-solaris-x86, r-release-macos-arm64, r-release-macos-x86_64, r-oldrel-macos-x86_64

Version: 0.4.0
Check: package dependencies
Result: ERROR
    Packages required but not available:
     'tidyverse', 'leaflet', 'rvest', 'xml2'
    
    See section 'The DESCRIPTION file' in the 'Writing R Extensions'
    manual.
Flavor: r-devel-windows-x86_64-gcc10-UCRT