CRAN Package Check Results for Package envalysis

Last updated on 2021-07-27 09:53:17 CEST.

Flavor Version Tinstall Tcheck Ttotal Status Flags
r-devel-linux-x86_64-debian-clang 0.5.1 12.17 135.30 147.47 OK
r-devel-linux-x86_64-debian-gcc 0.5.1 9.60 99.59 109.19 OK
r-devel-linux-x86_64-fedora-clang 0.5.1 178.88 OK
r-devel-linux-x86_64-fedora-gcc 0.5.1 166.25 OK
r-devel-windows-x86_64 0.5.1 19.00 165.00 184.00 OK
r-devel-windows-x86_64-gcc10-UCRT 0.5.1 OK
r-patched-linux-x86_64 0.5.1 10.85 125.32 136.17 OK
r-patched-solaris-x86 0.5.1 241.50 OK
r-release-linux-x86_64 0.5.1 10.49 125.87 136.36 OK
r-release-macos-arm64 0.5.1 WARN
r-release-macos-x86_64 0.5.1 OK
r-release-windows-ix86+x86_64 0.5.1 28.00 121.00 149.00 OK
r-oldrel-macos-x86_64 0.5.1 OK
r-oldrel-windows-ix86+x86_64 0.5.1 29.00 159.00 188.00 OK

Check Details

Version: 0.5.1
Check: re-building of vignette outputs
Result: WARN
    Error(s) in re-building vignettes:
    --- re-building ‘texture.Rmd’ using rmarkdown
    Warning in engine$weave(file, quiet = quiet, encoding = enc) :
     Pandoc (>= 1.12.3) not available. Falling back to R Markdown v1.
    --- finished re-building ‘texture.Rmd’
    
    There were 50 or more warnings (use warnings() to see the first 50)
    --- re-building ‘theme_publish.Rmd’ using rmarkdown
    Warning in engine$weave(file, quiet = quiet, encoding = enc) :
     Pandoc (>= 1.12.3) not available. Falling back to R Markdown v1.
    Loading required package: envalysis
    Loading required package: ggplot2
    Warning in grid.Call(C_stringMetric, as.graphicsAnnot(x$label)) :
     no font could be found for family "Arial"
    Warning in grid.Call(C_stringMetric, as.graphicsAnnot(x$label)) :
     no font could be found for family "Arial"
    Warning in grid.Call(C_stringMetric, as.graphicsAnnot(x$label)) :
     no font could be found for family "Arial"
    Warning in grid.Call(C_stringMetric, as.graphicsAnnot(x$label)) :
     no font could be found for family "Arial"
    Warning in grid.Call(C_stringMetric, as.graphicsAnnot(x$label)) :
     no font could be found for family "Arial"
    Warning in grid.Call(C_stringMetric, as.graphicsAnnot(x$label)) :
     no font could be found for family "Arial"
    Warning in grid.Call(C_stringMetric, as.graphicsAnnot(x$label)) :
     no font could be found for family "Arial"
    Warning in grid.Call(C_stringMetric, as.graphicsAnnot(x$label)) :
     no font could be found for family "Arial"
    Warning in grid.Call(C_stringMetric, as.graphicsAnnot(x$label)) :
     no font could be found for family "Arial"
    Warning in grid.Call(C_stringMetric, as.graphicsAnnot(x$label)) :
     no font could be found for family "Arial"
    Warning in grid.Call(C_stringMetric, as.graphicsAnnot(x$label)) :
     no font could be found for family "Arial"
    Warning in grid.Call(C_stringMetric, as.graphicsAnnot(x$label)) :
     no font could be found for family "Arial"
    Warning in grid.Call(C_stringMetric, as.graphicsAnnot(x$label)) :
     no font could be found for family "Arial"
    Warning in grid.Call(C_stringMetric, as.graphicsAnnot(x$label)) :
     no font could be found for family "Arial"
    Warning in grid.Call(C_textBounds, as.graphicsAnnot(x$label), x$x, x$y, :
     no font could be found for family "Arial"
    Quitting from lines 29-35 (theme_publish.Rmd)
    Error: processing vignette 'theme_publish.Rmd' failed with diagnostics:
    polygon edge not found
    --- failed re-building ‘theme_publish.Rmd’
    
    SUMMARY: processing the following file failed:
     ‘theme_publish.Rmd’
    
    Error: Vignette re-building failed.
    Execution halted
Flavor: r-release-macos-arm64