CRAN Package Check Results for Package enc

Last updated on 2021-09-25 09:53:49 CEST.

Flavor Version Tinstall Tcheck Ttotal Status Flags
r-devel-linux-x86_64-debian-clang 0.2.2 3.35 27.50 30.85 NOTE
r-devel-linux-x86_64-debian-gcc 0.2.2 2.51 21.79 24.30 NOTE
r-devel-linux-x86_64-fedora-clang 0.2.2 46.08 NOTE
r-devel-linux-x86_64-fedora-gcc 0.2.2 35.77 NOTE
r-devel-windows-x86_64 0.2.2 5.00 35.00 40.00 NOTE
r-devel-windows-x86_64-gcc10-UCRT 0.2.2 NOTE
r-patched-linux-x86_64 0.2.2 3.04 26.63 29.67 NOTE
r-patched-solaris-x86 0.2.2 56.80 NOTE
r-release-linux-x86_64 0.2.2 2.67 26.91 29.58 NOTE
r-release-macos-arm64 0.2.2 NOTE
r-release-macos-x86_64 0.2.2 NOTE
r-release-windows-ix86+x86_64 0.2.2 9.00 39.00 48.00 NOTE
r-oldrel-macos-x86_64 0.2.2 OK
r-oldrel-windows-ix86+x86_64 0.2.2 19.00 44.00 63.00 OK

Check Details

Version: 0.2.2
Check: LazyData
Result: NOTE
     'LazyData' is specified without a 'data' directory
Flavors: r-devel-linux-x86_64-debian-clang, r-devel-linux-x86_64-debian-gcc, r-devel-linux-x86_64-fedora-clang, r-devel-linux-x86_64-fedora-gcc, r-devel-windows-x86_64, r-devel-windows-x86_64-gcc10-UCRT, r-patched-linux-x86_64, r-patched-solaris-x86, r-release-linux-x86_64, r-release-macos-arm64, r-release-macos-x86_64, r-release-windows-ix86+x86_64