CRAN Package Check Results for Package emstreeR

Last updated on 2021-10-20 09:55:07 CEST.

Flavor Version Tinstall Tcheck Ttotal Status Flags
r-devel-linux-x86_64-debian-clang 2.2.2 41.39 34.58 75.97 OK
r-devel-linux-x86_64-debian-gcc 2.2.2 30.25 26.73 56.98 OK
r-devel-linux-x86_64-fedora-clang 2.2.2 119.51 OK
r-devel-linux-x86_64-fedora-gcc 2.2.2 100.71 OK
r-devel-windows-x86_64 2.2.2 59.00 63.00 122.00 OK
r-devel-windows-x86_64-gcc10-UCRT 2.2.2 OK
r-patched-linux-x86_64 2.2.2 35.41 32.86 68.27 OK
r-patched-solaris-x86 2.2.2 113.60 OK
r-release-linux-x86_64 2.2.2 38.76 32.87 71.63 OK
r-release-macos-arm64 2.2.2 WARN
r-release-macos-x86_64 2.2.2 WARN
r-release-windows-ix86+x86_64 2.2.2 113.00 79.00 192.00 OK
r-oldrel-macos-x86_64 2.2.2 WARN
r-oldrel-windows-ix86+x86_64 2.2.2 115.00 82.00 197.00 OK

Check Details

Version: 2.2.2
Check: whether package can be installed
Result: WARN
    Found the following significant warnings:
     WARNING: shared objects/dynamic libraries with hard-coded temporary installation paths
Flavors: r-release-macos-arm64, r-release-macos-x86_64, r-oldrel-macos-x86_64