Last updated on 2024-04-23 10:54:01 CEST.
Flavor | Version | Tinstall | Tcheck | Ttotal | Status | Flags |
---|---|---|---|---|---|---|
r-devel-linux-x86_64-debian-clang | 1.3.13 | 13.57 | 99.67 | 113.24 | NOTE | |
r-devel-linux-x86_64-debian-gcc | 1.3.13 | 6.89 | 73.56 | 80.45 | NOTE | |
r-devel-linux-x86_64-fedora-clang | 1.3.13 | 136.51 | NOTE | |||
r-devel-linux-x86_64-fedora-gcc | 1.3.13 | 128.79 | NOTE | |||
r-prerel-macos-arm64 | 1.3.13 | 38.00 | NOTE | |||
r-prerel-windows-x86_64 | 1.3.13 | 9.00 | 96.00 | 105.00 | NOTE | |
r-patched-linux-x86_64 | 1.3.13 | 13.74 | 95.58 | 109.32 | NOTE | |
r-release-linux-x86_64 | 1.3.13 | 9.66 | 96.82 | 106.48 | OK | |
r-release-macos-arm64 | 1.3.13 | 41.00 | OK | |||
r-release-macos-x86_64 | 1.3.13 | 105.00 | OK | |||
r-release-windows-x86_64 | 1.3.13 | 13.00 | 112.00 | 125.00 | OK | |
r-oldrel-macos-arm64 | 1.3.13 | 40.00 | OK | |||
r-oldrel-windows-x86_64 | 1.3.13 | 13.00 | 113.00 | 126.00 | OK |
Version: 1.3.13
Check: Rd files
Result: NOTE
checkRd: (-1) NEWS.Rd:194: Lost braces; missing escapes or markup?
194 | \item added {d,r}betabinom
| ^
Flavors: r-devel-linux-x86_64-debian-clang, r-devel-linux-x86_64-debian-gcc, r-devel-linux-x86_64-fedora-clang, r-devel-linux-x86_64-fedora-gcc, r-prerel-macos-arm64, r-prerel-windows-x86_64, r-patched-linux-x86_64