CRAN Package Check Results for Package emayili

Last updated on 2021-09-25 09:53:49 CEST.

Flavor Version Tinstall Tcheck Ttotal Status Flags
r-devel-linux-x86_64-debian-clang 0.5.0 6.83 62.73 69.56 OK
r-devel-linux-x86_64-debian-gcc 0.5.0 5.50 47.87 53.37 OK
r-devel-linux-x86_64-fedora-clang 0.5.0 91.81 NOTE
r-devel-linux-x86_64-fedora-gcc 0.5.0 79.86 NOTE
r-devel-windows-x86_64 0.5.0 10.00 63.00 73.00 OK
r-devel-windows-x86_64-gcc10-UCRT 0.5.0 NOTE
r-patched-linux-x86_64 0.5.0 6.59 58.27 64.86 OK
r-patched-solaris-x86 0.5.0 118.40 ERROR
r-release-linux-x86_64 0.5.0 5.12 58.80 63.92 OK
r-release-macos-arm64 0.4.18 OK
r-release-macos-x86_64 0.5.0 ERROR
r-release-windows-ix86+x86_64 0.5.0 25.00 83.00 108.00 OK
r-oldrel-macos-x86_64 0.5.0 ERROR
r-oldrel-windows-ix86+x86_64 0.5.0 15.00 74.00 89.00 OK

Check Details

Version: 0.5.0
Check: dependencies in R code
Result: NOTE
    Namespace in Imports field not imported from: ‘rlang’
     All declared Imports should be used.
Flavors: r-devel-linux-x86_64-fedora-clang, r-devel-linux-x86_64-fedora-gcc, r-devel-windows-x86_64-gcc10-UCRT, r-patched-solaris-x86, r-release-macos-x86_64, r-oldrel-macos-x86_64

Version: 0.5.0
Check: examples
Result: ERROR
    Running examples in ‘emayili-Ex.R’ failed
    The error most likely occurred in:
    
    > ### Name: render
    > ### Title: Render Markdown into email
    > ### Aliases: render
    >
    > ### ** Examples
    >
    >
    > # Plain Markdown
    >
    > markdown <- "[This](https://www.google.com) is a link."
    > filename <- "message.md"
    >
    > # Render from Markdown in character vector.
    > msg <- envelope() %>% render(markdown, plain = TRUE)
    >
    > # Create a file containing Markdown
    > cat(markdown, file = filename)
    >
    > # Render from Markdown in file.
    > msg <- envelope() %>% render(filename, plain = TRUE)
    >
    > # Cleanup.
    > file.remove(filename)
    [1] TRUE
    >
    > # R Markdown
    >
    > filename <- "gh-doc.Rmd"
    >
    > # Create an Rmd document from template.
    > rmarkdown::draft(
    + filename,
    + template = "github_document",
    + package = "rmarkdown",
    + edit = FALSE
    + )
    >
    > # Render from Rmd file.
    > msg <- envelope() %>% render(filename)
    Error: pandoc version 1.12.3 or higher is required and was not found (see the help page ?rmarkdown::pandoc_available).
    Execution halted
Flavors: r-patched-solaris-x86, r-release-macos-x86_64, r-oldrel-macos-x86_64

Version: 0.5.0
Check: for non-standard things in the check directory
Result: NOTE
    Found the following files/directories:
     ‘gh-doc.Rmd’
Flavor: r-patched-solaris-x86