CRAN Package Check Results for Package ellipticalsymmetry

Last updated on 2021-10-16 09:54:15 CEST.

Flavor Version Tinstall Tcheck Ttotal Status Flags
r-devel-linux-x86_64-debian-clang 0.1.2 3.70 33.75 37.45 OK
r-devel-linux-x86_64-debian-gcc 0.1.2 3.38 26.21 29.59 OK
r-devel-linux-x86_64-fedora-clang 0.1.2 56.86 NOTE
r-devel-linux-x86_64-fedora-gcc 0.1.2 44.62 NOTE
r-devel-windows-x86_64 0.1.2 6.00 45.00 51.00 OK
r-devel-windows-x86_64-gcc10-UCRT 0.1.2 NOTE
r-patched-linux-x86_64 0.1.2 4.22 33.16 37.38 OK
r-patched-solaris-x86 0.1.2 75.60 NOTE
r-release-linux-x86_64 0.1.2 3.08 33.30 36.38 OK
r-release-macos-arm64 0.1.2 NOTE
r-release-macos-x86_64 0.1.2 NOTE
r-release-windows-ix86+x86_64 0.1.2 8.00 54.00 62.00 OK
r-oldrel-macos-x86_64 0.1.2 NOTE
r-oldrel-windows-ix86+x86_64 0.1.2 8.00 54.00 62.00 OK

Check Details

Version: 0.1.2
Check: dependencies in R code
Result: NOTE
    Namespace in Imports field not imported from: ‘datasets’
     All declared Imports should be used.
Flavors: r-devel-linux-x86_64-fedora-clang, r-devel-linux-x86_64-fedora-gcc, r-devel-windows-x86_64-gcc10-UCRT, r-patched-solaris-x86, r-release-macos-arm64, r-release-macos-x86_64, r-oldrel-macos-x86_64