CRAN Package Check Results for Package elaborator

Last updated on 2021-07-27 09:53:17 CEST.

Flavor Version Tinstall Tcheck Ttotal Status Flags
r-devel-linux-x86_64-debian-clang 1.1 11.85 85.84 97.69 NOTE
r-devel-linux-x86_64-debian-gcc 1.1 10.28 63.60 73.88 NOTE
r-devel-linux-x86_64-fedora-clang 1.1 123.70 NOTE
r-devel-linux-x86_64-fedora-gcc 1.1 112.87 NOTE
r-devel-windows-x86_64 1.1 21.00 104.00 125.00 NOTE
r-devel-windows-x86_64-gcc10-UCRT 1.1 NOTE
r-patched-linux-x86_64 1.1 13.97 80.34 94.31 NOTE
r-patched-solaris-x86 1.1 158.70 NOTE
r-release-linux-x86_64 1.1 11.46 80.65 92.11 NOTE
r-release-macos-arm64 1.1 NOTE
r-release-macos-x86_64 1.1 NOTE
r-release-windows-ix86+x86_64 1.1 28.00 74.00 102.00 NOTE
r-oldrel-macos-x86_64 1.1 OK
r-oldrel-windows-ix86+x86_64 1.1 26.00 111.00 137.00 OK

Check Details

Version: 1.1
Check: LazyData
Result: NOTE
     'LazyData' is specified without a 'data' directory
Flavors: r-devel-linux-x86_64-debian-clang, r-devel-linux-x86_64-debian-gcc, r-devel-linux-x86_64-fedora-clang, r-devel-linux-x86_64-fedora-gcc, r-devel-windows-x86_64, r-devel-windows-x86_64-gcc10-UCRT, r-patched-linux-x86_64, r-patched-solaris-x86, r-release-linux-x86_64, r-release-macos-arm64, r-release-macos-x86_64, r-release-windows-ix86+x86_64