Last updated on 2024-03-28 10:49:32 CET.
Flavor | Version | Tinstall | Tcheck | Ttotal | Status | Flags |
---|---|---|---|---|---|---|
r-devel-linux-x86_64-debian-clang | 0.1.2 | 20.41 | 199.25 | 219.66 | OK | |
r-devel-linux-x86_64-debian-gcc | 0.1.2 | 17.55 | 129.55 | 147.10 | OK | |
r-devel-linux-x86_64-fedora-clang | 0.1.2 | 271.98 | NOTE | |||
r-devel-linux-x86_64-fedora-gcc | 0.1.2 | 266.93 | NOTE | |||
r-devel-windows-x86_64 | 0.1.2 | 17.00 | 171.00 | 188.00 | OK | |
r-patched-linux-x86_64 | 0.1.2 | 20.05 | 187.32 | 207.37 | OK | |
r-release-linux-x86_64 | 0.1.2 | 18.69 | 180.36 | 199.05 | OK | |
r-release-macos-arm64 | 0.1.2 | 71.00 | OK | |||
r-release-macos-x86_64 | 0.1.2 | 177.00 | OK | |||
r-release-windows-x86_64 | 0.1.2 | 17.00 | 209.00 | 226.00 | OK | |
r-oldrel-macos-arm64 | 0.1.2 | 66.00 | OK | |||
r-oldrel-windows-x86_64 | 0.1.2 | 22.00 | 184.00 | 206.00 | OK |
Version: 0.1.2
Check: dependencies in R code
Result: NOTE
Namespace in Imports field not imported from: ‘mathjaxr’
All declared Imports should be used.
Flavors: r-devel-linux-x86_64-fedora-clang, r-devel-linux-x86_64-fedora-gcc