Last updated on 2024-04-19 10:57:23 CEST.
Flavor | Version | Tinstall | Tcheck | Ttotal | Status | Flags |
---|---|---|---|---|---|---|
r-devel-linux-x86_64-debian-clang | 0.2.3 | 139.17 | 34.57 | 173.74 | OK | |
r-devel-linux-x86_64-debian-gcc | 0.2.3 | OK | ||||
r-devel-linux-x86_64-fedora-clang | 0.2.3 | 242.83 | OK | |||
r-devel-linux-x86_64-fedora-gcc | 0.2.3 | 326.77 | OK | |||
r-prerel-macos-arm64 | 0.2.3 | 70.00 | NOTE | |||
r-prerel-macos-x86_64 | 0.2.3 | 139.00 | NOTE | |||
r-prerel-windows-x86_64 | 0.2.3 | 110.00 | 82.00 | 192.00 | OK | |
r-patched-linux-x86_64 | 0.2.3 | 172.98 | 42.69 | 215.67 | OK | |
r-release-linux-x86_64 | 0.2.3 | 165.18 | 40.34 | 205.52 | OK | |
r-release-macos-arm64 | 0.2.3 | 95.00 | NOTE | |||
r-release-macos-x86_64 | 0.2.3 | 149.00 | NOTE | |||
r-release-windows-x86_64 | 0.2.3 | 144.00 | 88.00 | 232.00 | OK | |
r-oldrel-macos-arm64 | 0.2.3 | 81.00 | NOTE | |||
r-oldrel-windows-x86_64 | 0.2.3 | 137.00 | 78.00 | 215.00 | OK |
Version: 0.2.3
Check: installed package size
Result: NOTE
installed size is 50.4Mb
sub-directories of 1Mb or more:
libs 49.5Mb
Flavors: r-prerel-macos-arm64, r-prerel-macos-x86_64, r-release-macos-arm64, r-release-macos-x86_64, r-oldrel-macos-arm64