CRAN Package Check Results for Package edgebundleR

Last updated on 2021-10-19 09:54:10 CEST.

Flavor Version Tinstall Tcheck Ttotal Status Flags
r-devel-linux-x86_64-debian-clang 0.1.4 3.65 38.14 41.79 NOTE
r-devel-linux-x86_64-debian-gcc 0.1.4 3.13 29.64 32.77 NOTE
r-devel-linux-x86_64-fedora-clang 0.1.4 60.93 NOTE
r-devel-linux-x86_64-fedora-gcc 0.1.4 49.93 NOTE
r-devel-windows-x86_64 0.1.4 14.00 58.00 72.00 NOTE
r-devel-windows-x86_64-gcc10-UCRT 0.1.4 NOTE
r-patched-linux-x86_64 0.1.4 3.87 36.17 40.04 NOTE
r-patched-solaris-x86 0.1.4 81.00 NOTE
r-release-linux-x86_64 0.1.4 3.72 37.22 40.94 NOTE
r-release-macos-arm64 0.1.4 NOTE
r-release-macos-x86_64 0.1.4 NOTE
r-release-windows-ix86+x86_64 0.1.4 8.00 56.00 64.00 NOTE
r-oldrel-macos-x86_64 0.1.4 OK
r-oldrel-windows-ix86+x86_64 0.1.4 11.00 65.00 76.00 OK

Check Details

Version: 0.1.4
Check: LazyData
Result: NOTE
     'LazyData' is specified without a 'data' directory
Flavors: r-devel-linux-x86_64-debian-clang, r-devel-linux-x86_64-debian-gcc, r-devel-linux-x86_64-fedora-clang, r-devel-linux-x86_64-fedora-gcc, r-devel-windows-x86_64, r-devel-windows-x86_64-gcc10-UCRT, r-patched-linux-x86_64, r-patched-solaris-x86, r-release-linux-x86_64, r-release-macos-arm64, r-release-macos-x86_64, r-release-windows-ix86+x86_64