CRAN Package Check Results for Package echarty

Last updated on 2021-10-16 09:54:15 CEST.

Flavor Version Tinstall Tcheck Ttotal Status Flags
r-devel-linux-x86_64-debian-clang 0.3.1 5.09 45.43 50.52 OK
r-devel-linux-x86_64-debian-gcc 0.3.1 4.15 34.42 38.57 OK
r-devel-linux-x86_64-fedora-clang 0.3.1 72.36 OK
r-devel-linux-x86_64-fedora-gcc 0.3.1 59.23 OK
r-devel-windows-x86_64 0.3.1 9.00 49.00 58.00 OK
r-devel-windows-x86_64-gcc10-UCRT 0.3.1 WARN
r-patched-linux-x86_64 0.3.1 5.11 42.95 48.06 OK
r-patched-solaris-x86 0.3.1 85.50 OK
r-release-linux-x86_64 0.3.1 4.67 42.75 47.42 OK
r-release-macos-arm64 0.3.1 OK
r-release-macos-x86_64 0.3.1 WARN
r-release-windows-ix86+x86_64 0.3.1 13.00 64.00 77.00 OK
r-oldrel-macos-x86_64 0.3.1 WARN
r-oldrel-windows-ix86+x86_64 0.3.1 13.00 87.00 100.00 OK

Check Details

Version: 0.3.1
Check: loading without being on the library search path
Result: WARN
    Error: package or namespace load failed for 'echarty':
     .onLoad failed in loadNamespace() for 'echarty', details:
     call: loadNamespace(x)
     error: there is no package called 'shiny'
    Execution halted
    
    It looks like this package has a loading problem when not on .libPaths:
    see the messages for details.
Flavors: r-devel-windows-x86_64-gcc10-UCRT, r-release-macos-x86_64

Version: 0.3.1
Check: loading without being on the library search path
Result: WARN
    Error: package or namespace load failed for ‘echarty’:
     .onLoad failed in loadNamespace() for 'echarty', details:
     call: loadNamespace(name)
     error: there is no package called ‘shiny’
    Execution halted
    
    It looks like this package has a loading problem when not on .libPaths:
    see the messages for details.
Flavor: r-oldrel-macos-x86_64