CRAN Package Check Results for Package ech

Last updated on 2021-09-21 09:52:34 CEST.

Flavor Version Tinstall Tcheck Ttotal Status Flags
r-devel-linux-x86_64-debian-clang 0.1.1.2 25.41 201.41 226.82 OK
r-devel-linux-x86_64-debian-gcc 0.1.1.2 20.97 151.29 172.26 OK
r-devel-linux-x86_64-fedora-clang 0.1.1.2 282.27 NOTE
r-devel-linux-x86_64-fedora-gcc 0.1.1.2 268.14 NOTE
r-devel-windows-x86_64 0.1.1.2 25.00 171.00 196.00 OK
r-devel-windows-x86_64-gcc10-UCRT 0.1.1.2 ERROR
r-patched-linux-x86_64 0.1.1.2 26.24 201.23 227.47 OK
r-patched-solaris-x86 0.1.1.2 394.70 NOTE
r-release-linux-x86_64 0.1.1.2 24.19 198.69 222.88 OK
r-release-macos-arm64 0.1.1.2 NOTE
r-release-macos-x86_64 0.1.1.2 NOTE
r-release-windows-ix86+x86_64 0.1.1.2 55.00 182.00 237.00 OK
r-oldrel-macos-x86_64 0.1.1.2 NOTE
r-oldrel-windows-ix86+x86_64 0.1.1.2 54.00 237.00 291.00 OK

Check Details

Version: 0.1.1.2
Check: data for non-ASCII characters
Result: NOTE
     Note: found 1409 marked UTF-8 strings
Flavors: r-devel-linux-x86_64-fedora-clang, r-devel-linux-x86_64-fedora-gcc, r-devel-windows-x86_64-gcc10-UCRT, r-patched-solaris-x86, r-release-macos-arm64, r-release-macos-x86_64, r-oldrel-macos-x86_64

Version: 0.1.1.2
Check: whether package can be installed
Result: WARN
    Found the following significant warnings:
     WARNING: installation-time patches will not be applied, could not get the patches index
Flavor: r-devel-windows-x86_64-gcc10-UCRT

Version: 0.1.1.2
Check: PDF version of manual
Result: WARN
    LaTeX errors when creating PDF version.
    This typically indicates Rd problems.
Flavor: r-devel-windows-x86_64-gcc10-UCRT

Version: 0.1.1.2
Check: PDF version of manual without hyperrefs or index
Result: ERROR
    Re-running with no redirection of stdout/stderr.
Flavor: r-devel-windows-x86_64-gcc10-UCRT