Last updated on 2024-04-18 10:49:46 CEST.
Flavor | Version | Tinstall | Tcheck | Ttotal | Status | Flags |
---|---|---|---|---|---|---|
r-devel-linux-x86_64-debian-clang | 0.5-11 | 4.95 | 66.53 | 71.48 | OK | |
r-devel-linux-x86_64-debian-gcc | 0.5-11 | 5.27 | 48.98 | 54.25 | OK | |
r-devel-linux-x86_64-fedora-clang | 0.5-11 | 92.40 | NOTE | |||
r-devel-linux-x86_64-fedora-gcc | 0.5-11 | 100.42 | NOTE | |||
r-prerel-macos-arm64 | 0.5-11 | 38.00 | OK | |||
r-prerel-windows-x86_64 | 0.5-11 | 7.00 | 83.00 | 90.00 | OK | |
r-patched-linux-x86_64 | 0.5-11 | 7.35 | 64.96 | 72.31 | OK | |
r-release-linux-x86_64 | 0.5-11 | 3.92 | 63.06 | 66.98 | OK | |
r-release-macos-arm64 | 0.5-11 | 37.00 | OK | |||
r-release-macos-x86_64 | 0.5-11 | 47.00 | NOTE | |||
r-release-windows-x86_64 | 0.5-11 | 9.00 | 98.00 | 107.00 | OK | |
r-oldrel-macos-arm64 | 0.5-11 | 25.00 | OK | |||
r-oldrel-windows-x86_64 | 0.5-11 | 9.00 | 90.00 | 99.00 | OK |
Version: 0.5-11
Check: dependencies in R code
Result: NOTE
Namespace in Imports field not imported from: ‘rprojroot’
All declared Imports should be used.
Flavors: r-devel-linux-x86_64-fedora-clang, r-devel-linux-x86_64-fedora-gcc
Version: 0.5-11
Check: package dependencies
Result: NOTE
Package suggested but not available for checking: ‘qs’
Flavor: r-release-macos-x86_64