CRAN Package Check Results for Package easyr

Last updated on 2021-09-17 09:53:21 CEST.

Flavor Version Tinstall Tcheck Ttotal Status Flags
r-devel-linux-x86_64-debian-clang 0.5-4 6.57 71.46 78.03 OK
r-devel-linux-x86_64-debian-gcc 0.5-4 4.47 53.94 58.41 OK
r-devel-linux-x86_64-fedora-clang 0.5-4 100.33 NOTE
r-devel-linux-x86_64-fedora-gcc 0.5-4 100.10 NOTE
r-devel-windows-x86_64 0.5-4 7.00 117.00 124.00 OK
r-devel-windows-x86_64-gcc10-UCRT 0.5-4 NOTE
r-patched-linux-x86_64 0.5-4 7.38 60.35 67.73 OK
r-patched-solaris-x86 0.5-4 107.60 NOTE
r-release-linux-x86_64 0.5-4 6.66 59.26 65.92 OK
r-release-macos-arm64 0.5-4 NOTE
r-release-macos-x86_64 0.5-4 NOTE
r-release-windows-ix86+x86_64 0.5-4 13.00 73.00 86.00 OK
r-oldrel-macos-x86_64 0.5-4 NOTE
r-oldrel-windows-ix86+x86_64 0.5-4 8.00 85.00 93.00 OK

Check Details

Version: 0.5-4
Check: dependencies in R code
Result: NOTE
    Namespace in Imports field not imported from: ‘rprojroot’
     All declared Imports should be used.
Flavors: r-devel-linux-x86_64-fedora-clang, r-devel-linux-x86_64-fedora-gcc, r-devel-windows-x86_64-gcc10-UCRT, r-patched-solaris-x86, r-release-macos-arm64, r-release-macos-x86_64, r-oldrel-macos-x86_64