CRAN Package Check Results for Package easypackages

Last updated on 2021-10-24 10:04:04 CEST.

Flavor Version Tinstall Tcheck Ttotal Status Flags
r-devel-linux-x86_64-debian-clang 0.1.0 5.71 50.29 56.00 NOTE
r-devel-linux-x86_64-debian-gcc 0.1.0 4.67 37.55 42.22 NOTE
r-devel-linux-x86_64-fedora-clang 0.1.0 76.49 NOTE
r-devel-linux-x86_64-fedora-gcc 0.1.0 67.77 NOTE
r-devel-windows-x86_64 0.1.0 9.00 73.00 82.00 NOTE
r-devel-windows-x86_64-gcc10-UCRT 0.1.0 NOTE
r-patched-linux-x86_64 0.1.0 6.65 48.51 55.16 NOTE
r-patched-solaris-x86 0.1.0 89.90 NOTE
r-release-linux-x86_64 0.1.0 6.02 48.10 54.12 NOTE
r-release-macos-arm64 0.1.0 NOTE
r-release-macos-x86_64 0.1.0 NOTE
r-release-windows-ix86+x86_64 0.1.0 11.00 93.00 104.00 NOTE
r-oldrel-macos-x86_64 0.1.0 OK
r-oldrel-windows-ix86+x86_64 0.1.0 13.00 70.00 83.00 OK

Check Details

Version: 0.1.0
Check: LazyData
Result: NOTE
     'LazyData' is specified without a 'data' directory
Flavors: r-devel-linux-x86_64-debian-clang, r-devel-linux-x86_64-debian-gcc, r-devel-linux-x86_64-fedora-clang, r-devel-linux-x86_64-fedora-gcc, r-devel-windows-x86_64, r-devel-windows-x86_64-gcc10-UCRT, r-patched-linux-x86_64, r-patched-solaris-x86, r-release-linux-x86_64, r-release-macos-arm64, r-release-macos-x86_64, r-release-windows-ix86+x86_64