CRAN Package Check Results for Package earlyR

Last updated on 2021-09-17 09:53:21 CEST.

Flavor Version Tinstall Tcheck Ttotal Status Flags
r-devel-linux-x86_64-debian-clang 0.0.5 3.63 69.56 73.19 NOTE
r-devel-linux-x86_64-debian-gcc 0.0.5 3.26 51.79 55.05 NOTE
r-devel-linux-x86_64-fedora-clang 0.0.5 92.87 NOTE
r-devel-linux-x86_64-fedora-gcc 0.0.5 82.02 NOTE
r-devel-windows-x86_64 0.0.5 7.00 119.00 126.00 NOTE
r-devel-windows-x86_64-gcc10-UCRT 0.0.5 NOTE
r-patched-linux-x86_64 0.0.5 4.28 63.32 67.60 NOTE
r-patched-solaris-x86 0.0.5 120.10 NOTE
r-release-linux-x86_64 0.0.5 2.96 63.59 66.55 NOTE
r-release-macos-arm64 0.0.5 NOTE
r-release-macos-x86_64 0.0.5 NOTE
r-release-windows-ix86+x86_64 0.0.5 13.00 82.00 95.00 NOTE
r-oldrel-macos-x86_64 0.0.5 OK
r-oldrel-windows-ix86+x86_64 0.0.5 10.00 90.00 100.00 OK

Check Details

Version: 0.0.5
Check: LazyData
Result: NOTE
     'LazyData' is specified without a 'data' directory
Flavors: r-devel-linux-x86_64-debian-clang, r-devel-linux-x86_64-debian-gcc, r-devel-linux-x86_64-fedora-clang, r-devel-linux-x86_64-fedora-gcc, r-devel-windows-x86_64, r-devel-windows-x86_64-gcc10-UCRT, r-patched-linux-x86_64, r-patched-solaris-x86, r-release-linux-x86_64, r-release-macos-arm64, r-release-macos-x86_64, r-release-windows-ix86+x86_64