Last updated on 2024-05-13 11:56:34 CEST.
Flavor | Version | Tinstall | Tcheck | Ttotal | Status | Flags |
---|---|---|---|---|---|---|
r-devel-linux-x86_64-debian-clang | 0.11.0 | 18.25 | 420.79 | 439.04 | OK | |
r-devel-linux-x86_64-debian-gcc | 0.11.0 | 11.42 | 252.66 | 264.08 | OK | |
r-devel-linux-x86_64-fedora-clang | 0.11.0 | 528.37 | OK | |||
r-devel-linux-x86_64-fedora-gcc | 0.11.0 | 460.18 | OK | |||
r-devel-windows-x86_64 | 0.11.0 | 15.00 | 268.00 | 283.00 | OK | |
r-patched-linux-x86_64 | 0.11.0 | 13.45 | 345.64 | 359.09 | OK | |
r-release-linux-x86_64 | 0.11.0 | 12.34 | 333.69 | 346.03 | OK | |
r-release-macos-arm64 | 0.11.0 | 178.00 | OK | |||
r-release-macos-x86_64 | 0.11.0 | 225.00 | OK | |||
r-release-windows-x86_64 | 0.11.0 | 16.00 | 267.00 | 283.00 | OK | |
r-oldrel-macos-arm64 | 0.11.0 | 159.00 | WARN | |||
r-oldrel-macos-x86_64 | 0.11.0 | 228.00 | WARN | |||
r-oldrel-windows-x86_64 | 0.11.0 | 20.00 | 318.00 | 338.00 | WARN |
Version: 0.11.0
Check: Rd files
Result: WARN
checkRd: (5) ePCR.Rd:0-17: Must have a \description
Flavors: r-oldrel-macos-arm64, r-oldrel-macos-x86_64, r-oldrel-windows-x86_64