CRAN Package Check Results for Package dummies

Last updated on 2021-12-09 09:55:34 CET.

Flavor Version Tinstall Tcheck Ttotal Status Flags
r-devel-linux-x86_64-debian-clang 1.5.6 1.78 28.78 30.56 NOTE
r-devel-linux-x86_64-debian-gcc 1.5.6 1.44 22.78 24.22 NOTE
r-devel-linux-x86_64-fedora-clang 1.5.6 39.05 NOTE
r-devel-linux-x86_64-fedora-gcc 1.5.6 27.68 NOTE
r-devel-windows-x86_64-new-UL 1.5.6 5.00 57.00 62.00 NOTE
r-devel-windows-x86_64-new-TK 1.5.6 NOTE
r-devel-windows-x86_64-old 1.5.6 4.00 41.00 45.00 NOTE
r-patched-linux-x86_64 1.5.6 1.90 27.98 29.88 NOTE
r-release-linux-x86_64 1.5.6 1.70 27.90 29.60 NOTE
r-release-macos-arm64 1.5.6 NOTE
r-release-macos-x86_64 1.5.6 NOTE
r-release-windows-ix86+x86_64 1.5.6 4.00 32.00 36.00 NOTE
r-oldrel-macos-x86_64 1.5.6 NOTE
r-oldrel-windows-ix86+x86_64 1.5.6 4.00 29.00 33.00 NOTE

Check Details

Version: 1.5.6
Check: top-level files
Result: NOTE
    File
     LICENSE
    is not mentioned in the DESCRIPTION file.
Flavors: r-devel-linux-x86_64-debian-clang, r-devel-linux-x86_64-debian-gcc, r-devel-linux-x86_64-fedora-clang, r-devel-linux-x86_64-fedora-gcc, r-devel-windows-x86_64-new-UL, r-devel-windows-x86_64-new-TK, r-devel-windows-x86_64-old, r-patched-linux-x86_64, r-release-linux-x86_64, r-release-macos-arm64, r-release-macos-x86_64, r-release-windows-ix86+x86_64, r-oldrel-macos-x86_64, r-oldrel-windows-ix86+x86_64

Version: 1.5.6
Check: R code for possible problems
Result: NOTE
    dummy: no visible global function definition for 'model.matrix'
    dummy: no visible global function definition for 'model.frame'
    Undefined global functions or variables:
     model.frame model.matrix
    Consider adding
     importFrom("stats", "model.frame", "model.matrix")
    to your NAMESPACE file.
Flavors: r-devel-linux-x86_64-debian-clang, r-devel-linux-x86_64-debian-gcc, r-devel-linux-x86_64-fedora-clang, r-devel-linux-x86_64-fedora-gcc, r-devel-windows-x86_64-new-UL, r-devel-windows-x86_64-new-TK, r-devel-windows-x86_64-old, r-patched-linux-x86_64, r-release-linux-x86_64, r-release-macos-arm64, r-release-macos-x86_64, r-release-windows-ix86+x86_64, r-oldrel-macos-x86_64, r-oldrel-windows-ix86+x86_64

Version: 1.5.6
Check: Rd line widths
Result: NOTE
    Rd file 'dummy.Rd':
     \usage lines wider than 90 characters:
     dummy.data.frame(data, names = NULL, omit.constants=TRUE, dummy.classes = getOption("dummy.classes"), all = TRUE, ...)
    
    These lines will be truncated in the PDF manual.
Flavors: r-devel-linux-x86_64-debian-clang, r-devel-linux-x86_64-debian-gcc, r-devel-linux-x86_64-fedora-clang, r-devel-linux-x86_64-fedora-gcc, r-patched-linux-x86_64, r-release-linux-x86_64