Last updated on 2024-04-26 09:51:58 CEST.
Flavor | Version | Tinstall | Tcheck | Ttotal | Status | Flags |
---|---|---|---|---|---|---|
r-devel-linux-x86_64-debian-clang | 0.10.1 | 3355.28 | 97.03 | 3452.31 | NOTE | |
r-devel-linux-x86_64-debian-gcc | 0.10.1 | 2957.52 | 69.45 | 3026.97 | NOTE | |
r-devel-linux-x86_64-fedora-clang | 0.10.1 | 4809.50 | NOTE | |||
r-devel-linux-x86_64-fedora-gcc | 0.10.1 | 5835.28 | NOTE | |||
r-devel-windows-x86_64 | 0.10.1 | 2603.00 | 347.00 | 2950.00 | NOTE | |
r-patched-linux-x86_64 | 0.10.1 | 3599.11 | 88.54 | 3687.65 | OK | |
r-release-linux-x86_64 | 0.10.1 | 3572.96 | 89.33 | 3662.29 | OK | |
r-release-macos-arm64 | 0.10.1 | 930.00 | NOTE | |||
r-release-macos-x86_64 | 0.10.1 | 727.00 | NOTE | |||
r-release-windows-x86_64 | 0.10.1 | 2535.00 | 348.00 | 2883.00 | NOTE | |
r-oldrel-macos-arm64 | 0.10.1 | 1089.00 | NOTE | |||
r-oldrel-macos-x86_64 | 0.10.1 | 729.00 | NOTE | |||
r-oldrel-windows-x86_64 | 0.10.1 | 2515.00 | 463.00 | 2978.00 | NOTE |
Version: 0.10.1
Check: compiled code
Result: NOTE
File ‘duckdb/libs/duckdb.so’:
Found non-API calls to R: ‘SETLENGTH’, ‘SET_TRUELENGTH’
Compiled code should not call non-API entry points in R.
See ‘Writing portable packages’ in the ‘Writing R Extensions’ manual.
Flavors: r-devel-linux-x86_64-debian-clang, r-devel-linux-x86_64-debian-gcc, r-devel-linux-x86_64-fedora-clang, r-devel-linux-x86_64-fedora-gcc
Version: 0.10.1
Check: installed package size
Result: NOTE
installed size is 44.0Mb
sub-directories of 1Mb or more:
libs 43.2Mb
Flavors: r-devel-linux-x86_64-fedora-clang, r-devel-windows-x86_64, r-release-macos-arm64, r-release-macos-x86_64, r-release-windows-x86_64, r-oldrel-macos-arm64, r-oldrel-macos-x86_64, r-oldrel-windows-x86_64
Version: 0.10.1
Check: compiled code
Result: NOTE
File 'duckdb/libs/x64/duckdb.dll':
Found non-API calls to R: 'SETLENGTH', 'SET_TRUELENGTH'
Compiled code should not call non-API entry points in R.
See 'Writing portable packages' in the 'Writing R Extensions' manual.
Flavor: r-devel-windows-x86_64