CRAN Package Check Results for Package dtree

Last updated on 2021-10-25 09:55:18 CEST.

Flavor Version Tinstall Tcheck Ttotal Status Flags
r-devel-linux-x86_64-debian-clang 0.4.2 17.58 136.27 153.85 NOTE
r-devel-linux-x86_64-debian-gcc 0.4.2 12.60 101.58 114.18 NOTE
r-devel-linux-x86_64-fedora-clang 0.4.2 193.20 NOTE
r-devel-linux-x86_64-fedora-gcc 0.4.2 178.81 NOTE
r-devel-windows-x86_64 0.4.2 25.00 164.00 189.00 NOTE
r-devel-windows-x86_64-gcc10-UCRT 0.4.2 NOTE
r-patched-linux-x86_64 0.4.2 14.71 128.53 143.24 NOTE
r-patched-solaris-x86 0.4.2 258.50 NOTE
r-release-linux-x86_64 0.4.2 15.90 127.50 143.40 NOTE
r-release-macos-arm64 0.4.2 NOTE
r-release-macos-x86_64 0.4.2 NOTE
r-release-windows-ix86+x86_64 0.4.2 28.00 153.00 181.00 NOTE
r-oldrel-macos-x86_64 0.4.2 OK
r-oldrel-windows-ix86+x86_64 0.4.2 39.00 165.00 204.00 OK

Check Details

Version: 0.4.2
Check: LazyData
Result: NOTE
     'LazyData' is specified without a 'data' directory
Flavors: r-devel-linux-x86_64-debian-clang, r-devel-linux-x86_64-debian-gcc, r-devel-linux-x86_64-fedora-clang, r-devel-linux-x86_64-fedora-gcc, r-devel-windows-x86_64, r-devel-windows-x86_64-gcc10-UCRT, r-patched-linux-x86_64, r-patched-solaris-x86, r-release-linux-x86_64, r-release-macos-arm64, r-release-macos-x86_64, r-release-windows-ix86+x86_64