CRAN Package Check Results for Package dropR

Last updated on 2021-10-16 09:54:15 CEST.

Flavor Version Tinstall Tcheck Ttotal Status Flags
r-devel-linux-x86_64-debian-clang 0.1 1.95 21.34 23.29 NOTE
r-devel-linux-x86_64-debian-gcc 0.1 1.75 17.13 18.88 NOTE
r-devel-linux-x86_64-fedora-clang 0.1 38.80 NOTE
r-devel-linux-x86_64-fedora-gcc 0.1 28.25 NOTE
r-devel-windows-x86_64 0.1 3.00 29.00 32.00 NOTE
r-devel-windows-x86_64-gcc10-UCRT 0.1 NOTE
r-patched-linux-x86_64 0.1 2.22 21.08 23.30 NOTE
r-patched-solaris-x86 0.1 46.00 NOTE
r-release-linux-x86_64 0.1 2.06 20.91 22.97 NOTE
r-release-macos-arm64 0.1 NOTE
r-release-macos-x86_64 0.1 NOTE
r-release-windows-ix86+x86_64 0.1 6.00 38.00 44.00 NOTE
r-oldrel-macos-x86_64 0.1 NOTE
r-oldrel-windows-ix86+x86_64 0.1 5.00 41.00 46.00 NOTE

Check Details

Version: 0.1
Check: R code for possible problems
Result: NOTE
    compute_xsq: no visible global function definition for 'chisq.test'
    Undefined global functions or variables:
     chisq.test
    Consider adding
     importFrom("stats", "chisq.test")
    to your NAMESPACE file.
Flavors: r-devel-linux-x86_64-debian-clang, r-devel-linux-x86_64-debian-gcc, r-devel-linux-x86_64-fedora-clang, r-devel-linux-x86_64-fedora-gcc, r-devel-windows-x86_64, r-devel-windows-x86_64-gcc10-UCRT, r-patched-linux-x86_64, r-patched-solaris-x86, r-release-linux-x86_64, r-release-macos-arm64, r-release-macos-x86_64, r-release-windows-ix86+x86_64, r-oldrel-macos-x86_64, r-oldrel-windows-ix86+x86_64