CRAN Package Check Results for Package drc

Last updated on 2021-09-22 09:52:22 CEST.

Flavor Version Tinstall Tcheck Ttotal Status Flags
r-devel-linux-x86_64-debian-clang 3.0-1 25.91 190.53 216.44 OK
r-devel-linux-x86_64-debian-gcc 3.0-1 18.18 137.03 155.21 OK
r-devel-linux-x86_64-fedora-clang 3.0-1 262.65 OK
r-devel-linux-x86_64-fedora-gcc 3.0-1 246.38 OK
r-devel-windows-x86_64 3.0-1 26.00 184.00 210.00 OK
r-devel-windows-x86_64-gcc10-UCRT 3.0-1 ERROR
r-patched-linux-x86_64 3.0-1 24.57 177.92 202.49 OK
r-patched-solaris-x86 3.0-1 325.40 OK
r-release-linux-x86_64 3.0-1 22.45 178.79 201.24 OK
r-release-macos-arm64 3.0-1 OK
r-release-macos-x86_64 3.0-1 OK
r-release-windows-ix86+x86_64 3.0-1 47.00 182.00 229.00 OK
r-oldrel-macos-x86_64 3.0-1 OK
r-oldrel-windows-ix86+x86_64 3.0-1 31.00 178.00 209.00 OK

Check Details

Version: 3.0-1
Check: PDF version of manual
Result: WARN
    LaTeX errors when creating PDF version.
    This typically indicates Rd problems.
Flavor: r-devel-windows-x86_64-gcc10-UCRT

Version: 3.0-1
Check: PDF version of manual without hyperrefs or index
Result: ERROR
    Re-running with no redirection of stdout/stderr.
Flavor: r-devel-windows-x86_64-gcc10-UCRT