CRAN Package Check Results for Package dragracer

Last updated on 2021-10-18 09:54:41 CEST.

Flavor Version Tinstall Tcheck Ttotal Status Flags
r-devel-linux-x86_64-debian-clang 0.1.6 1.84 24.82 26.66 OK
r-devel-linux-x86_64-debian-gcc 0.1.6 1.53 19.41 20.94 OK
r-devel-linux-x86_64-fedora-clang 0.1.6 42.68 NOTE
r-devel-linux-x86_64-fedora-gcc 0.1.6 31.85 NOTE
r-devel-windows-x86_64 0.1.6 4.00 45.00 49.00 OK
r-devel-windows-x86_64-gcc10-UCRT 0.1.6 ERROR
r-patched-linux-x86_64 0.1.6 1.87 23.31 25.18 OK
r-patched-solaris-x86 0.1.6 50.30 NOTE
r-release-linux-x86_64 0.1.6 1.95 23.18 25.13 OK
r-release-macos-arm64 0.1.6 NOTE
r-release-macos-x86_64 0.1.6 NOTE
r-release-windows-ix86+x86_64 0.1.6 5.00 58.00 63.00 OK
r-oldrel-macos-x86_64 0.1.6 NOTE
r-oldrel-windows-ix86+x86_64 0.1.6 5.00 41.00 46.00 OK

Check Details

Version: 0.1.6
Check: data for non-ASCII characters
Result: NOTE
     Note: found 100 marked UTF-8 strings
Flavors: r-devel-linux-x86_64-fedora-clang, r-devel-linux-x86_64-fedora-gcc, r-devel-windows-x86_64-gcc10-UCRT, r-patched-solaris-x86, r-release-macos-arm64, r-release-macos-x86_64, r-oldrel-macos-x86_64

Version: 0.1.6
Check: PDF version of manual
Result: WARN
    LaTeX errors when creating PDF version.
    This typically indicates Rd problems.
    LaTeX errors found:
Flavor: r-devel-windows-x86_64-gcc10-UCRT

Version: 0.1.6
Check: PDF version of manual without hyperrefs or index
Result: ERROR
    Re-running with no redirection of stdout/stderr.
Flavor: r-devel-windows-x86_64-gcc10-UCRT