Last updated on 2024-04-23 10:54:01 CEST.
Flavor | Version | Tinstall | Tcheck | Ttotal | Status | Flags |
---|---|---|---|---|---|---|
r-devel-linux-x86_64-debian-clang | 2.0.0 | 11.62 | 145.07 | 156.69 | NOTE | |
r-devel-linux-x86_64-debian-gcc | 2.0.0 | 9.60 | 104.25 | 113.85 | NOTE | |
r-devel-linux-x86_64-fedora-clang | 2.0.0 | 194.65 | NOTE | |||
r-devel-linux-x86_64-fedora-gcc | 2.0.0 | 192.97 | NOTE | |||
r-prerel-macos-arm64 | 2.0.0 | 57.00 | NOTE | |||
r-prerel-windows-x86_64 | 2.0.0 | 12.00 | 119.00 | 131.00 | NOTE | |
r-patched-linux-x86_64 | 2.0.0 | 11.24 | 134.87 | 146.11 | NOTE | |
r-release-linux-x86_64 | 2.0.0 | 12.35 | 138.96 | 151.31 | NOTE | |
r-release-macos-arm64 | 2.0.0 | 66.00 | NOTE | |||
r-release-macos-x86_64 | 2.0.0 | 100.00 | NOTE | |||
r-release-windows-x86_64 | 2.0.0 | 17.00 | 146.00 | 163.00 | NOTE | |
r-oldrel-macos-arm64 | 2.0.0 | 51.00 | OK | |||
r-oldrel-windows-x86_64 | 2.0.0 | 15.00 | 140.00 | 155.00 | OK |
Version: 2.0.0
Check: Rd files
Result: NOTE
checkRd: (-1) confint.dr4pl.Rd:49: Escaped LaTeX specials: \&
checkRd: (-1) gof-dr4pl.Rd:40: Escaped LaTeX specials: \&
checkRd: (-1) vcov.dr4pl.Rd:61: Escaped LaTeX specials: \&
Flavors: r-devel-linux-x86_64-debian-clang, r-devel-linux-x86_64-debian-gcc, r-devel-linux-x86_64-fedora-clang, r-devel-linux-x86_64-fedora-gcc, r-prerel-macos-arm64, r-prerel-windows-x86_64, r-patched-linux-x86_64, r-release-linux-x86_64, r-release-macos-arm64, r-release-macos-x86_64, r-release-windows-x86_64