CRAN Package Check Results for Package dpmr

Last updated on 2021-09-22 09:52:22 CEST.

Flavor Version Tinstall Tcheck Ttotal Status Flags
r-devel-linux-x86_64-debian-clang 0.1.9 5.15 46.90 52.05 OK
r-devel-linux-x86_64-debian-gcc 0.1.9 4.45 34.70 39.15 OK
r-devel-linux-x86_64-fedora-clang 0.1.9 70.81 OK
r-devel-linux-x86_64-fedora-gcc 0.1.9 58.18 OK
r-devel-windows-x86_64 0.1.9 6.00 55.00 61.00 OK
r-devel-windows-x86_64-gcc10-UCRT 0.1.9 ERROR
r-patched-linux-x86_64 0.1.9 10.32 43.08 53.40 OK
r-patched-solaris-x86 0.1.9 92.10 OK
r-release-linux-x86_64 0.1.9 5.52 43.03 48.55 OK
r-release-macos-arm64 0.1.9 OK
r-release-macos-x86_64 0.1.9 OK
r-release-windows-ix86+x86_64 0.1.9 13.00 54.00 67.00 OK
r-oldrel-macos-x86_64 0.1.9 OK
r-oldrel-windows-ix86+x86_64 0.1.9 10.00 51.00 61.00 OK

Check Details

Version: 0.1.9
Check: package dependencies
Result: NOTE
    Package suggested but not available for checking: 'devtools'
Flavor: r-devel-windows-x86_64-gcc10-UCRT

Version: 0.1.9
Check: PDF version of manual
Result: WARN
    LaTeX errors when creating PDF version.
    This typically indicates Rd problems.
Flavor: r-devel-windows-x86_64-gcc10-UCRT

Version: 0.1.9
Check: PDF version of manual without hyperrefs or index
Result: ERROR
    Re-running with no redirection of stdout/stderr.
Flavor: r-devel-windows-x86_64-gcc10-UCRT