Last updated on 2024-04-23 10:54:01 CEST.
Flavor | Version | Tinstall | Tcheck | Ttotal | Status | Flags |
---|---|---|---|---|---|---|
r-devel-linux-x86_64-debian-clang | 0.3.3 | 3.25 | 50.73 | 53.98 | OK | |
r-devel-linux-x86_64-debian-gcc | 0.3.3 | 1.97 | 39.14 | 41.11 | OK | |
r-devel-linux-x86_64-fedora-clang | 0.3.3 | 67.77 | NOTE | |||
r-devel-linux-x86_64-fedora-gcc | 0.3.3 | 77.81 | OK | |||
r-prerel-macos-arm64 | 0.3.3 | 34.00 | NOTE | |||
r-prerel-windows-x86_64 | 0.3.3 | 6.00 | 61.00 | 67.00 | NOTE | |
r-patched-linux-x86_64 | 0.3.3 | 3.45 | 48.82 | 52.27 | OK | |
r-release-linux-x86_64 | 0.3.3 | 3.18 | 47.72 | 50.90 | OK | |
r-release-macos-arm64 | 0.3.3 | 40.00 | NOTE | |||
r-release-macos-x86_64 | 0.3.3 | 75.00 | NOTE | |||
r-release-windows-x86_64 | 0.3.3 | 6.00 | 67.00 | 73.00 | NOTE | |
r-oldrel-macos-arm64 | 0.3.3 | 35.00 | NOTE | |||
r-oldrel-windows-x86_64 | 0.3.3 | 6.00 | 69.00 | 75.00 | NOTE |
Version: 0.3.3
Check: installed package size
Result: NOTE
installed size is 5.2Mb
sub-directories of 1Mb or more:
assets 2.9Mb
doc 2.1Mb
Flavors: r-devel-linux-x86_64-fedora-clang, r-prerel-macos-arm64, r-prerel-windows-x86_64, r-release-macos-arm64, r-release-macos-x86_64, r-release-windows-x86_64, r-oldrel-macos-arm64, r-oldrel-windows-x86_64