CRAN Package Check Results for Package downloader

Last updated on 2021-09-21 09:52:33 CEST.

Flavor Version Tinstall Tcheck Ttotal Status Flags
r-devel-linux-x86_64-debian-clang 0.4 1.91 22.95 24.86 OK
r-devel-linux-x86_64-debian-gcc 0.4 1.29 18.22 19.51 OK
r-devel-linux-x86_64-fedora-clang 0.4 40.24 OK
r-devel-linux-x86_64-fedora-gcc 0.4 28.55 OK
r-devel-windows-x86_64 0.4 3.00 32.00 35.00 OK
r-devel-windows-x86_64-gcc10-UCRT 0.4 ERROR
r-patched-linux-x86_64 0.4 1.85 22.55 24.40 OK
r-patched-solaris-x86 0.4 45.70 OK
r-release-linux-x86_64 0.4 1.90 22.24 24.14 OK
r-release-macos-arm64 0.4 OK
r-release-macos-x86_64 0.4 OK
r-release-windows-ix86+x86_64 0.4 4.00 33.00 37.00 OK
r-oldrel-macos-x86_64 0.4 OK
r-oldrel-windows-ix86+x86_64 0.4 4.00 28.00 32.00 OK

Check Details

Version: 0.4
Check: whether package can be installed
Result: WARN
    Found the following significant warnings:
     WARNING: installation-time patches will not be applied, could not get the patches index
Flavor: r-devel-windows-x86_64-gcc10-UCRT

Version: 0.4
Check: PDF version of manual
Result: WARN
    LaTeX errors when creating PDF version.
    This typically indicates Rd problems.
Flavor: r-devel-windows-x86_64-gcc10-UCRT

Version: 0.4
Check: PDF version of manual without hyperrefs or index
Result: ERROR
    Re-running with no redirection of stdout/stderr.
Flavor: r-devel-windows-x86_64-gcc10-UCRT