CRAN Package Check Results for Package doSNOW

Last updated on 2021-09-16 09:54:38 CEST.

Flavor Version Tinstall Tcheck Ttotal Status Flags
r-devel-linux-x86_64-debian-clang 1.0.19 2.04 25.24 27.28 NOTE
r-devel-linux-x86_64-debian-gcc 1.0.19 1.93 19.78 21.71 NOTE
r-devel-linux-x86_64-fedora-clang 1.0.19 41.66 OK
r-devel-linux-x86_64-fedora-gcc 1.0.19 31.43 OK
r-devel-windows-x86_64 1.0.19 4.00 45.00 49.00 OK
r-devel-windows-x86_64-gcc10-UCRT 1.0.19 OK
r-patched-linux-x86_64 1.0.19 2.24 24.25 26.49 NOTE
r-patched-solaris-x86 1.0.19 51.30 OK
r-release-linux-x86_64 1.0.19 2.16 24.26 26.42 NOTE
r-release-macos-arm64 1.0.19 OK
r-release-macos-x86_64 1.0.19 OK
r-release-windows-ix86+x86_64 1.0.19 6.00 33.00 39.00 OK
r-oldrel-macos-x86_64 1.0.19 OK
r-oldrel-windows-ix86+x86_64 1.0.19 4.00 41.00 45.00 OK

Check Details

Version: 1.0.19
Check: R code for possible problems
Result: NOTE
    Found the following calls to attach():
    File 'doSNOW/R/doSNOW.R':
     attach(exportEnv)
    See section 'Good practice' in '?attach'.
Flavors: r-devel-linux-x86_64-debian-clang, r-devel-linux-x86_64-debian-gcc, r-patched-linux-x86_64, r-release-linux-x86_64