CRAN Package Check Results for Package doRNG

Last updated on 2021-09-19 09:50:10 CEST.

Flavor Version Tinstall Tcheck Ttotal Status Flags
r-devel-linux-x86_64-debian-clang 1.8.2 2.27 81.84 84.11 OK
r-devel-linux-x86_64-debian-gcc 1.8.2 1.97 65.27 67.24 OK
r-devel-linux-x86_64-fedora-clang 1.8.2 109.53 NOTE
r-devel-linux-x86_64-fedora-gcc 1.8.2 97.27 OK
r-devel-windows-x86_64 1.8.2 4.00 94.00 98.00 OK
r-devel-windows-x86_64-gcc10-UCRT 1.8.2 ERROR
r-patched-linux-x86_64 1.8.2 4.32 80.54 84.86 OK
r-patched-solaris-x86 1.8.2 160.10 NOTE
r-release-linux-x86_64 1.8.2 2.28 80.50 82.78 OK
r-release-macos-arm64 1.8.2 NOTE
r-release-macos-x86_64 1.8.2 NOTE
r-release-windows-ix86+x86_64 1.8.2 6.00 77.00 83.00 OK
r-oldrel-macos-x86_64 1.8.2 NOTE
r-oldrel-windows-ix86+x86_64 1.8.2 6.00 102.00 108.00 OK

Check Details

Version: 1.8.2
Check: package dependencies
Result: NOTE
    Suggests orphaned package: ‘bibtex’
Flavor: r-devel-linux-x86_64-fedora-clang

Version: 1.8.2
Check: whether package can be installed
Result: WARN
    Found the following significant warnings:
     WARNING: installation-time patches will not be applied, could not get the patches index
Flavor: r-devel-windows-x86_64-gcc10-UCRT

Version: 1.8.2
Check: PDF version of manual
Result: WARN
    LaTeX errors when creating PDF version.
    This typically indicates Rd problems.
Flavor: r-devel-windows-x86_64-gcc10-UCRT

Version: 1.8.2
Check: PDF version of manual without hyperrefs or index
Result: ERROR
    Re-running with no redirection of stdout/stderr.
Flavor: r-devel-windows-x86_64-gcc10-UCRT

Version: 1.8.2
Check: package dependencies
Result: NOTE
    Package suggested but not available for checking: ‘doRedis’
Flavor: r-patched-solaris-x86

Version: 1.8.2
Check: package dependencies
Result: NOTE
    Packages suggested but not available for checking: 'doMPI', 'doRedis'
Flavors: r-release-macos-arm64, r-release-macos-x86_64

Version: 1.8.2
Check: Rd cross-references
Result: NOTE
    Package unavailable to check Rd xrefs: ‘doMPI’
Flavors: r-release-macos-arm64, r-release-macos-x86_64, r-oldrel-macos-x86_64

Version: 1.8.2
Check: package dependencies
Result: NOTE
    Package suggested but not available for checking: ‘doMPI’
Flavor: r-oldrel-macos-x86_64