CRAN Package Check Results for Package doBy

Last updated on 2021-07-29 10:52:55 CEST.

Flavor Version Tinstall Tcheck Ttotal Status Flags
r-devel-linux-x86_64-debian-clang 4.6.11 OK
r-devel-linux-x86_64-debian-gcc 4.6.11 12.83 98.46 111.29 OK
r-devel-linux-x86_64-fedora-clang 4.6.11 181.79 OK
r-devel-linux-x86_64-fedora-gcc 4.6.11 168.74 OK
r-devel-windows-x86_64 4.6.11 41.00 167.00 208.00 OK
r-devel-windows-x86_64-gcc10-UCRT 4.6.11 OK
r-patched-linux-x86_64 4.6.11 13.49 122.63 136.12 OK
r-patched-solaris-x86 4.6.11 235.20 NOTE
r-release-linux-x86_64 4.6.11 15.20 124.40 139.60 OK
r-release-macos-arm64 4.6.11 NOTE
r-release-macos-x86_64 4.6.11 OK
r-release-windows-ix86+x86_64 4.6.11 30.00 160.00 190.00 OK
r-oldrel-macos-x86_64 4.6.11 OK
r-oldrel-windows-ix86+x86_64 4.6.11 45.00 183.00 228.00 OK

Check Details

Version: 4.6.11
Check: installed package size
Result: NOTE
     installed size is 5.1Mb
     sub-directories of 1Mb or more:
     data 4.1Mb
Flavor: r-patched-solaris-x86

Version: 4.6.11
Check: package dependencies
Result: NOTE
    Package suggested but not available for checking: ‘geepack’
Flavor: r-release-macos-arm64