Last updated on 2024-03-28 10:49:32 CET.
Flavor | Version | Tinstall | Tcheck | Ttotal | Status | Flags |
---|---|---|---|---|---|---|
r-devel-linux-x86_64-debian-clang | 0.3.5 | 13.94 | 204.82 | 218.76 | NOTE | |
r-devel-linux-x86_64-debian-gcc | 0.3.5 | 13.22 | 158.40 | 171.62 | NOTE | |
r-devel-linux-x86_64-fedora-clang | 0.3.5 | 266.93 | NOTE | |||
r-devel-linux-x86_64-fedora-gcc | 0.3.5 | 298.45 | NOTE | |||
r-devel-windows-x86_64 | 0.3.5 | 13.00 | 175.00 | 188.00 | NOTE | |
r-patched-linux-x86_64 | 0.3.5 | 14.03 | 200.11 | 214.14 | NOTE | |
r-release-linux-x86_64 | 0.3.5 | 10.03 | 202.31 | 212.34 | NOTE | |
r-release-macos-arm64 | 0.3.5 | 109.00 | NOTE | |||
r-release-macos-x86_64 | 0.3.5 | 165.00 | NOTE | |||
r-release-windows-x86_64 | 0.3.5 | 18.00 | 219.00 | 237.00 | NOTE | |
r-oldrel-macos-arm64 | 0.3.5 | 93.00 | OK | |||
r-oldrel-windows-x86_64 | 0.3.5 | 19.00 | 213.00 | 232.00 | OK |
Version: 0.3.5
Check: package subdirectories
Result: NOTE
Problems with news in ‘NEWS.md’:
No news entries found.
Flavors: r-devel-linux-x86_64-debian-clang, r-devel-linux-x86_64-debian-gcc, r-devel-linux-x86_64-fedora-clang, r-devel-linux-x86_64-fedora-gcc, r-devel-windows-x86_64, r-patched-linux-x86_64, r-release-linux-x86_64, r-release-macos-arm64, r-release-macos-x86_64, r-release-windows-x86_64
Version: 0.3.5
Check: Rd files
Result: NOTE
checkRd: (-1) dnr.Rd:12: Escaped LaTeX specials: \#
Flavors: r-devel-linux-x86_64-debian-clang, r-devel-linux-x86_64-debian-gcc, r-devel-linux-x86_64-fedora-clang, r-devel-linux-x86_64-fedora-gcc, r-devel-windows-x86_64, r-patched-linux-x86_64, r-release-linux-x86_64, r-release-macos-arm64, r-release-macos-x86_64, r-release-windows-x86_64