Last updated on 2024-04-23 10:54:01 CEST.
Flavor | Version | Tinstall | Tcheck | Ttotal | Status | Flags |
---|---|---|---|---|---|---|
r-devel-linux-x86_64-debian-clang | 0.4.0 | 171.78 | 126.81 | 298.59 | NOTE | |
r-devel-linux-x86_64-debian-gcc | 0.4.0 | 148.18 | 90.69 | 238.87 | NOTE | |
r-devel-linux-x86_64-fedora-clang | 0.4.0 | 433.21 | NOTE | |||
r-devel-linux-x86_64-fedora-gcc | 0.4.0 | 428.67 | NOTE | |||
r-prerel-macos-arm64 | 0.4.0 | 89.00 | NOTE | |||
r-prerel-windows-x86_64 | 0.4.0 | 140.00 | 131.00 | 271.00 | NOTE | |
r-patched-linux-x86_64 | 0.4.0 | 144.04 | 117.87 | 261.91 | NOTE | |
r-release-linux-x86_64 | 0.4.0 | 174.28 | 121.18 | 295.46 | NOTE | |
r-release-macos-arm64 | 0.4.0 | 107.00 | NOTE | |||
r-release-macos-x86_64 | 0.4.0 | 172.00 | NOTE | |||
r-release-windows-x86_64 | 0.4.0 | 172.00 | 159.00 | 331.00 | NOTE | |
r-oldrel-macos-arm64 | 0.4.0 | 64.00 | NOTE | |||
r-oldrel-windows-x86_64 | 0.4.0 | 166.00 | 166.00 | 332.00 | NOTE |
Version: 0.4.0
Check: package dependencies
Result: NOTE
Package suggested but not available for checking: ‘BOLTSSIRR’
Flavors: r-devel-linux-x86_64-debian-clang, r-devel-linux-x86_64-debian-gcc, r-devel-linux-x86_64-fedora-clang, r-devel-linux-x86_64-fedora-gcc, r-prerel-macos-arm64, r-prerel-windows-x86_64, r-patched-linux-x86_64, r-release-linux-x86_64, r-release-macos-arm64, r-release-macos-x86_64, r-release-windows-x86_64, r-oldrel-macos-arm64, r-oldrel-windows-x86_64
Version: 0.4.0
Check: installed package size
Result: NOTE
installed size is 9.3Mb
sub-directories of 1Mb or more:
libs 8.9Mb
Flavors: r-prerel-macos-arm64, r-release-macos-arm64, r-release-macos-x86_64, r-oldrel-macos-arm64