Last updated on 2024-04-23 10:54:01 CEST.
Flavor | Version | Tinstall | Tcheck | Ttotal | Status | Flags |
---|---|---|---|---|---|---|
r-devel-linux-x86_64-debian-clang | 2.0.6 | 7.39 | 55.31 | 62.70 | OK | |
r-devel-linux-x86_64-debian-gcc | 2.0.6 | 5.29 | 41.54 | 46.83 | OK | |
r-devel-linux-x86_64-fedora-clang | 2.0.6 | 79.93 | NOTE | |||
r-devel-linux-x86_64-fedora-gcc | 2.0.6 | 76.05 | NOTE | |||
r-prerel-macos-arm64 | 2.0.6 | 23.00 | OK | |||
r-prerel-windows-x86_64 | 2.0.6 | 7.00 | 70.00 | 77.00 | OK | |
r-patched-linux-x86_64 | 2.0.6 | 7.06 | 54.32 | 61.38 | OK | |
r-release-linux-x86_64 | 2.0.6 | 7.72 | 53.03 | 60.75 | OK | |
r-release-macos-arm64 | 2.0.6 | 25.00 | OK | |||
r-release-macos-x86_64 | 2.0.6 | 42.00 | OK | |||
r-release-windows-x86_64 | 2.0.6 | 6.00 | 73.00 | 79.00 | OK | |
r-oldrel-macos-arm64 | 2.0.6 | 25.00 | OK | |||
r-oldrel-windows-x86_64 | 2.0.6 | 10.00 | 76.00 | 86.00 | OK |
Version: 2.0.6
Check: dependencies in R code
Result: NOTE
Namespace in Imports field not imported from: ‘truncnorm’
All declared Imports should be used.
Flavors: r-devel-linux-x86_64-fedora-clang, r-devel-linux-x86_64-fedora-gcc