CRAN Package Check Results for Package disparityfilter

Last updated on 2021-10-16 09:54:15 CEST.

Flavor Version Tinstall Tcheck Ttotal Status Flags
r-devel-linux-x86_64-debian-clang 2.2.3 2.29 32.00 34.29 NOTE
r-devel-linux-x86_64-debian-gcc 2.2.3 1.67 25.13 26.80 NOTE
r-devel-linux-x86_64-fedora-clang 2.2.3 52.05 NOTE
r-devel-linux-x86_64-fedora-gcc 2.2.3 41.08 NOTE
r-devel-windows-x86_64 2.2.3 3.00 40.00 43.00 NOTE
r-devel-windows-x86_64-gcc10-UCRT 2.2.3 NOTE
r-patched-linux-x86_64 2.2.3 2.10 31.24 33.34 NOTE
r-patched-solaris-x86 2.2.3 66.50 NOTE
r-release-linux-x86_64 2.2.3 2.31 31.19 33.50 NOTE
r-release-macos-arm64 2.2.3 NOTE
r-release-macos-x86_64 2.2.3 NOTE
r-release-windows-ix86+x86_64 2.2.3 5.00 52.00 57.00 NOTE
r-oldrel-macos-x86_64 2.2.3 OK
r-oldrel-windows-ix86+x86_64 2.2.3 5.00 53.00 58.00 OK

Check Details

Version: 2.2.3
Check: LazyData
Result: NOTE
     'LazyData' is specified without a 'data' directory
Flavors: r-devel-linux-x86_64-debian-clang, r-devel-linux-x86_64-debian-gcc, r-devel-linux-x86_64-fedora-clang, r-devel-linux-x86_64-fedora-gcc, r-devel-windows-x86_64, r-devel-windows-x86_64-gcc10-UCRT, r-patched-linux-x86_64, r-patched-solaris-x86, r-release-linux-x86_64, r-release-macos-arm64, r-release-macos-x86_64, r-release-windows-ix86+x86_64