CRAN Package Check Results for Package diseq

Last updated on 2021-07-25 09:50:16 CEST.

Flavor Version Tinstall Tcheck Ttotal Status Flags
r-devel-linux-x86_64-debian-clang 0.3.1 85.37 258.59 343.96 OK
r-devel-linux-x86_64-debian-gcc 0.3.1 67.42 190.98 258.40 OK
r-devel-linux-x86_64-fedora-clang 0.3.1 411.10 OK
r-devel-linux-x86_64-fedora-gcc 0.3.1 405.63 OK
r-devel-windows-x86_64 0.3.1 88.00 223.00 311.00 OK
r-devel-windows-x86_64-gcc10-UCRT 0.3.1 OK
r-patched-linux-x86_64 0.3.1 72.72 242.63 315.35 OK
r-patched-solaris-x86 0.3.1 542.10 OK
r-release-linux-x86_64 0.3.1 77.77 241.57 319.34 OK
r-release-macos-arm64 0.3.1 NOTE
r-release-macos-x86_64 0.3.1 NOTE
r-release-windows-ix86+x86_64 0.3.1 152.00 291.00 443.00 OK
r-oldrel-macos-x86_64 0.3.1 NOTE
r-oldrel-windows-ix86+x86_64 0.3.1 159.00 357.00 516.00 OK

Check Details

Version: 0.3.1
Check: installed package size
Result: NOTE
     installed size is 6.2Mb
     sub-directories of 1Mb or more:
     libs 3.9Mb
Flavors: r-release-macos-arm64, r-release-macos-x86_64, r-oldrel-macos-x86_64