CRAN Package Check Results for Package discrim

Last updated on 2021-10-20 09:55:06 CEST.

Flavor Version Tinstall Tcheck Ttotal Status Flags
r-devel-linux-x86_64-debian-clang 0.1.3 8.53 117.41 125.94 OK
r-devel-linux-x86_64-debian-gcc 0.1.3 6.42 87.53 93.95 OK
r-devel-linux-x86_64-fedora-clang 0.1.3 162.40 NOTE
r-devel-linux-x86_64-fedora-gcc 0.1.3 145.24 NOTE
r-devel-windows-x86_64 0.1.3 13.00 145.00 158.00 OK
r-devel-windows-x86_64-gcc10-UCRT 0.1.3 NOTE
r-patched-linux-x86_64 0.1.3 13.37 109.34 122.71 OK
r-patched-solaris-x86 0.1.3 192.30 NOTE
r-release-linux-x86_64 0.1.3 6.63 110.02 116.65 OK
r-release-macos-arm64 0.1.3 NOTE
r-release-macos-x86_64 0.1.3 NOTE
r-release-windows-ix86+x86_64 0.1.3 20.00 141.00 161.00 OK
r-oldrel-macos-x86_64 0.1.3 NOTE
r-oldrel-windows-ix86+x86_64 0.1.3 19.00 152.00 171.00 OK

Check Details

Version: 0.1.3
Check: dependencies in R code
Result: NOTE
    Namespace in Imports field not imported from: ‘utils’
     All declared Imports should be used.
Flavors: r-devel-linux-x86_64-fedora-clang, r-devel-linux-x86_64-fedora-gcc, r-devel-windows-x86_64-gcc10-UCRT, r-patched-solaris-x86, r-release-macos-arm64, r-release-macos-x86_64, r-oldrel-macos-x86_64