CRAN Package Check Results for Package discretecdAlgorithm

Last updated on 2021-10-26 10:04:23 CEST.

Flavor Version Tinstall Tcheck Ttotal Status Flags
r-devel-linux-x86_64-debian-clang 0.0.7 67.49 41.29 108.78 NOTE
r-devel-linux-x86_64-debian-gcc 0.0.7 46.33 31.75 78.08 NOTE
r-devel-linux-x86_64-fedora-clang 0.0.7 174.23 NOTE
r-devel-linux-x86_64-fedora-gcc 0.0.7 138.43 NOTE
r-devel-windows-x86_64 0.0.7 72.00 76.00 148.00 NOTE
r-devel-windows-x86_64-gcc10-UCRT 0.0.7 NOTE
r-patched-linux-x86_64 0.0.7 50.17 41.00 91.17 NOTE
r-patched-solaris-x86 0.0.7 139.00 NOTE
r-release-linux-x86_64 0.0.7 58.59 40.61 99.20 NOTE
r-release-macos-arm64 0.0.7 NOTE
r-release-macos-x86_64 0.0.7 NOTE
r-release-windows-ix86+x86_64 0.0.7 96.00 93.00 189.00 NOTE
r-oldrel-macos-x86_64 0.0.7 NOTE
r-oldrel-windows-ix86+x86_64 0.0.7 144.00 103.00 247.00 OK

Check Details

Version: 0.0.7
Check: LazyData
Result: NOTE
     'LazyData' is specified without a 'data' directory
Flavors: r-devel-linux-x86_64-debian-clang, r-devel-linux-x86_64-debian-gcc, r-devel-linux-x86_64-fedora-clang, r-devel-linux-x86_64-fedora-gcc, r-devel-windows-x86_64, r-devel-windows-x86_64-gcc10-UCRT, r-patched-linux-x86_64, r-patched-solaris-x86, r-release-linux-x86_64, r-release-macos-arm64, r-release-macos-x86_64, r-release-windows-ix86+x86_64

Version: 0.0.7
Check: installed package size
Result: NOTE
     installed size is 8.9Mb
     sub-directories of 1Mb or more:
     libs 8.7Mb
Flavors: r-devel-linux-x86_64-fedora-clang, r-release-macos-arm64, r-release-macos-x86_64, r-oldrel-macos-x86_64