CRAN Package Check Results for Package dipsaus

Last updated on 2021-09-23 10:53:20 CEST.

Flavor Version Tinstall Tcheck Ttotal Status Flags
r-devel-linux-x86_64-debian-clang 0.1.8 90.05 80.84 170.89 WARN
r-devel-linux-x86_64-debian-gcc 0.1.8 53.04 62.51 115.55 WARN
r-devel-linux-x86_64-fedora-clang 0.1.8 233.65 OK
r-devel-linux-x86_64-fedora-gcc 0.1.8 202.14 OK
r-devel-windows-x86_64 0.1.8 99.00 109.00 208.00 OK
r-devel-windows-x86_64-gcc10-UCRT 0.1.8 ERROR
r-patched-linux-x86_64 0.1.8 63.80 76.78 140.58 WARN
r-patched-solaris-x86 0.1.8 207.30 OK
r-release-linux-x86_64 0.1.8 68.23 76.21 144.44 WARN
r-release-macos-arm64 0.1.8 OK
r-release-macos-x86_64 0.1.8 OK
r-release-windows-ix86+x86_64 0.1.8 216.00 137.00 353.00 OK
r-oldrel-macos-x86_64 0.1.8 OK
r-oldrel-windows-ix86+x86_64 0.1.8 162.00 134.00 296.00 OK

Check Details

Version: 0.1.8
Check: top-level files
Result: WARN
     Output from running autoreconf:
     configure.ac:26: warning: AC_OUTPUT should be used without arguments.
     configure.ac:26: You should run autoupdate.
Flavors: r-devel-linux-x86_64-debian-clang, r-devel-linux-x86_64-debian-gcc, r-patched-linux-x86_64, r-release-linux-x86_64

Version: 0.1.8
Check: package dependencies
Result: ERROR
    Package required but not available: 'RcppParallel'
    
    See section 'The DESCRIPTION file' in the 'Writing R Extensions'
    manual.
Flavor: r-devel-windows-x86_64-gcc10-UCRT