CRAN Package Check Results for Package digest

Last updated on 2021-08-01 09:50:18 CEST.

Flavor Version Tinstall Tcheck Ttotal Status Flags
r-devel-linux-x86_64-debian-clang 0.6.27 9.90 30.82 40.72 OK
r-devel-linux-x86_64-debian-gcc 0.6.27 6.90 24.18 31.08 OK
r-devel-linux-x86_64-fedora-clang 0.6.27 60.99 OK
r-devel-linux-x86_64-fedora-gcc 0.6.27 51.02 OK
r-devel-windows-x86_64 0.6.27 20.00 50.00 70.00 OK
r-devel-windows-x86_64-gcc10-UCRT 0.6.27 WARN
r-patched-linux-x86_64 0.6.27 OK
r-patched-solaris-x86 0.6.27 75.70 OK
r-release-linux-x86_64 0.6.27 6.30 29.87 36.17 OK
r-release-macos-arm64 0.6.27 OK
r-release-macos-x86_64 0.6.27 OK
r-release-windows-ix86+x86_64 0.6.27 1.00 8.00 9.00 ERROR
r-oldrel-macos-x86_64 0.6.27 OK
r-oldrel-windows-ix86+x86_64 0.6.27 32.00 60.00 92.00 OK

Check Details

Version: 0.6.27
Check: whether package can be installed
Result: WARN
    Found the following significant warnings:
     digest.c:207:25: warning: too many arguments for format [-Wformat-extra-args]
     digest.c:432:25: warning: too many arguments for format [-Wformat-extra-args]
Flavor: r-devel-windows-x86_64-gcc10-UCRT

Version: 0.6.27
Check: whether package can be installed
Result: ERROR
    Installation failed.
Flavor: r-release-windows-ix86+x86_64