CRAN Package Check Results for Package diffusionMap

Last updated on 2021-10-22 09:53:02 CEST.

Flavor Version Tinstall Tcheck Ttotal Status Flags
r-devel-linux-x86_64-debian-clang 1.2.0 7.91 89.38 97.29 OK
r-devel-linux-x86_64-debian-gcc 1.2.0 5.80 67.71 73.51 OK
r-devel-linux-x86_64-fedora-clang 1.2.0 128.51 OK
r-devel-linux-x86_64-fedora-gcc 1.2.0 117.47 OK
r-devel-windows-x86_64 1.2.0 11.00 120.00 131.00 OK
r-devel-windows-x86_64-gcc10-UCRT 1.2.0 ERROR
r-patched-linux-x86_64 1.2.0 7.09 85.70 92.79 OK
r-patched-solaris-x86 1.2.0 199.30 OK
r-release-linux-x86_64 1.2.0 8.17 86.00 94.17 OK
r-release-macos-arm64 1.2.0 OK
r-release-macos-x86_64 1.2.0 OK
r-release-windows-ix86+x86_64 1.2.0 12.00 121.00 133.00 OK
r-oldrel-macos-x86_64 1.2.0 OK
r-oldrel-windows-ix86+x86_64 1.2.0 18.00 115.00 133.00 OK

Check Details

Version: 1.2.0
Check: package dependencies
Result: ERROR
    Package required but not available: 'igraph'
    
    See section 'The DESCRIPTION file' in the 'Writing R Extensions'
    manual.
Flavor: r-devel-windows-x86_64-gcc10-UCRT