CRAN Package Check Results for Package devFunc

Last updated on 2021-10-19 09:54:09 CEST.

Flavor Version Tinstall Tcheck Ttotal Status Flags
r-devel-linux-x86_64-debian-clang 0.1 2.92 28.35 31.27 NOTE
r-devel-linux-x86_64-debian-gcc 0.1 2.67 21.82 24.49 NOTE
r-devel-linux-x86_64-fedora-clang 0.1 48.40 NOTE
r-devel-linux-x86_64-fedora-gcc 0.1 37.93 NOTE
r-devel-windows-x86_64 0.1 6.00 53.00 59.00 NOTE
r-devel-windows-x86_64-gcc10-UCRT 0.1 NOTE
r-patched-linux-x86_64 0.1 3.26 26.99 30.25 NOTE
r-patched-solaris-x86 0.1 59.90 NOTE
r-release-linux-x86_64 0.1 3.24 27.73 30.97 NOTE
r-release-macos-arm64 0.1 NOTE
r-release-macos-x86_64 0.1 NOTE
r-release-windows-ix86+x86_64 0.1 5.00 49.00 54.00 NOTE
r-oldrel-macos-x86_64 0.1 OK
r-oldrel-windows-ix86+x86_64 0.1 10.00 49.00 59.00 OK

Check Details

Version: 0.1
Check: LazyData
Result: NOTE
     'LazyData' is specified without a 'data' directory
Flavors: r-devel-linux-x86_64-debian-clang, r-devel-linux-x86_64-debian-gcc, r-devel-linux-x86_64-fedora-clang, r-devel-linux-x86_64-fedora-gcc, r-devel-windows-x86_64, r-devel-windows-x86_64-gcc10-UCRT, r-patched-linux-x86_64, r-patched-solaris-x86, r-release-linux-x86_64, r-release-macos-arm64, r-release-macos-x86_64, r-release-windows-ix86+x86_64