CRAN Package Check Results for Package denseFLMM

Last updated on 2021-10-24 10:04:03 CEST.

Flavor Version Tinstall Tcheck Ttotal Status Flags
r-devel-linux-x86_64-debian-clang 0.1.2 7.93 62.33 70.26 NOTE
r-devel-linux-x86_64-debian-gcc 0.1.2 5.96 48.64 54.60 NOTE
r-devel-linux-x86_64-fedora-clang 0.1.2 94.77 NOTE
r-devel-linux-x86_64-fedora-gcc 0.1.2 84.25 NOTE
r-devel-windows-x86_64 0.1.2 12.00 62.00 74.00 NOTE
r-devel-windows-x86_64-gcc10-UCRT 0.1.2 NOTE
r-patched-linux-x86_64 0.1.2 7.82 61.17 68.99 NOTE
r-patched-solaris-x86 0.1.2 125.70 NOTE
r-release-linux-x86_64 0.1.2 7.69 60.35 68.04 NOTE
r-release-macos-arm64 0.1.2 NOTE
r-release-macos-x86_64 0.1.2 NOTE
r-release-windows-ix86+x86_64 0.1.2 13.00 81.00 94.00 NOTE
r-oldrel-macos-x86_64 0.1.2 NOTE
r-oldrel-windows-ix86+x86_64 0.1.2 17.00 86.00 103.00 OK

Check Details

Version: 0.1.2
Check: LazyData
Result: NOTE
     'LazyData' is specified without a 'data' directory
Flavors: r-devel-linux-x86_64-debian-clang, r-devel-linux-x86_64-debian-gcc, r-devel-linux-x86_64-fedora-clang, r-devel-linux-x86_64-fedora-gcc, r-devel-windows-x86_64, r-devel-windows-x86_64-gcc10-UCRT, r-patched-linux-x86_64, r-patched-solaris-x86, r-release-linux-x86_64, r-release-macos-arm64, r-release-macos-x86_64, r-release-windows-ix86+x86_64

Version: 0.1.2
Check: dependencies in R code
Result: NOTE
    Namespace in Imports field not imported from: ‘mvtnorm’
     All declared Imports should be used.
Flavors: r-devel-linux-x86_64-fedora-clang, r-devel-linux-x86_64-fedora-gcc, r-devel-windows-x86_64-gcc10-UCRT, r-patched-solaris-x86, r-release-macos-arm64, r-release-macos-x86_64, r-oldrel-macos-x86_64